CRAN Package Check Results for Package Mobilize

Last updated on 2018-10-19 01:46:30 CEST.

Flavor Version Tinstall Tcheck Ttotal Status Flags
r-devel-linux-x86_64-debian-clang 2.16-4 3.73 47.65 51.38 NOTE
r-devel-linux-x86_64-debian-gcc 2.16-4 2.49 36.85 39.34 NOTE
r-devel-linux-x86_64-fedora-clang 2.16-4 60.12 NOTE
r-devel-linux-x86_64-fedora-gcc 2.16-4 55.36 NOTE
r-devel-windows-ix86+x86_64 2.16-4 11.00 95.00 106.00 NOTE
r-patched-linux-x86_64 2.16-4 3.24 39.15 42.39 NOTE
r-patched-solaris-x86 2.16-4 NOTE
r-release-linux-x86_64 2.16-4 3.15 39.26 42.41 NOTE
r-release-windows-ix86+x86_64 2.16-4 15.00 86.00 101.00 NOTE
r-release-osx-x86_64 2.16-4 NOTE
r-oldrel-windows-ix86+x86_64 2.16-4 7.00 81.00 88.00 NOTE
r-oldrel-osx-x86_64 2.16-4 NOTE

Check Details

Version: 2.16-4
Check: R code for possible problems
Result: NOTE
    bin.by.date: no visible binding for global variable ‘quantile’
    bin.by.date: no visible global function definition for ‘na.omit’
    biplot: no visible global function definition for ‘na.omit’
    biplot.character: no visible global function definition for ‘runif’
    biplot.character: no visible global function definition for ‘opts’
    biplot.character: no visible global function definition for
     ‘theme_blank’
    distributionplot: no visible global function definition for ‘na.omit’
    distributionplot.character: no visible global function definition for
     ‘head’
    distributionplot.factor: no visible global function definition for
     ‘opts’
    distributionplot.factor: no visible global function definition for
     ‘theme_text’
    mapmobility: no visible global function definition for ‘lines’
    responseplot: no visible global function definition for ‘na.omit’
    scatterplot: no visible global function definition for ‘na.omit’
    scatterplot: no visible global function definition for ‘opts’
    scatterplot: no visible global function definition for ‘theme_text’
    sharedtimeplot: no visible global function definition for ‘na.omit’
    timeplot: no visible global function definition for ‘na.omit’
    timeplot: no visible global function definition for ‘opts’
    timeplot.character: no visible global function definition for ‘runif’
    timeplot.character: no visible global function definition for ‘rnorm’
    timeplot.character: no visible binding for global variable ‘text’
    userplot: no visible global function definition for ‘na.omit’
    Undefined global functions or variables:
     head lines na.omit opts quantile rnorm runif text theme_blank
     theme_text
    Consider adding
     importFrom("graphics", "lines", "text")
     importFrom("stats", "na.omit", "quantile", "rnorm", "runif")
     importFrom("utils", "head")
    to your NAMESPACE file.
Flavors: r-devel-linux-x86_64-debian-clang, r-devel-linux-x86_64-debian-gcc, r-devel-linux-x86_64-fedora-clang, r-devel-linux-x86_64-fedora-gcc, r-devel-windows-ix86+x86_64, r-patched-linux-x86_64, r-patched-solaris-x86, r-release-linux-x86_64, r-release-windows-ix86+x86_64, r-release-osx-x86_64, r-oldrel-windows-ix86+x86_64, r-oldrel-osx-x86_64