Last updated on 2018-10-19 01:46:31 CEST.
Flavor | Version | Tinstall | Tcheck | Ttotal | Status | Flags |
---|---|---|---|---|---|---|
r-devel-linux-x86_64-debian-clang | 1.42.1 | 12.48 | 134.35 | 146.83 | OK | |
r-devel-linux-x86_64-debian-gcc | 1.42.1 | 11.44 | 102.56 | 114.00 | OK | |
r-devel-linux-x86_64-fedora-clang | 1.42.1 | 169.45 | OK | |||
r-devel-linux-x86_64-fedora-gcc | 1.42.1 | 164.49 | OK | |||
r-devel-windows-ix86+x86_64 | 1.42.1 | 22.00 | 179.00 | 201.00 | OK | |
r-patched-linux-x86_64 | 1.42.1 | 14.58 | 118.20 | 132.78 | OK | |
r-patched-solaris-x86 | 1.42.1 | 237.60 | NOTE | |||
r-release-linux-x86_64 | 1.42.1 | 10.63 | 117.19 | 127.82 | OK | |
r-release-windows-ix86+x86_64 | 1.42.1 | 20.00 | 161.00 | 181.00 | OK | |
r-release-osx-x86_64 | 1.42.1 | OK | ||||
r-oldrel-windows-ix86+x86_64 | 1.42.1 | 17.00 | 168.00 | 185.00 | OK | |
r-oldrel-osx-x86_64 | 1.42.1 | OK |
Version: 1.42.1
Check: Rd cross-references
Result: NOTE
Package unavailable to check Rd xrefs: ‘RMark’
Flavor: r-patched-solaris-x86