Last updated on 2018-10-19 01:46:32 CEST.
Flavor | Version | Tinstall | Tcheck | Ttotal | Status | Flags |
---|---|---|---|---|---|---|
r-devel-linux-x86_64-debian-clang | 1.8 | 9.09 | 111.80 | 120.89 | OK | |
r-devel-linux-x86_64-debian-gcc | 1.8 | 8.87 | 87.01 | 95.88 | OK | |
r-devel-linux-x86_64-fedora-clang | 1.8 | 144.57 | OK | |||
r-devel-linux-x86_64-fedora-gcc | 1.8 | 140.00 | OK | |||
r-devel-windows-ix86+x86_64 | 1.8 | 30.00 | 163.00 | 193.00 | OK | |
r-patched-linux-x86_64 | 1.8 | 7.83 | 92.19 | 100.02 | OK | |
r-patched-solaris-x86 | 1.8 | 174.20 | NOTE | |||
r-release-linux-x86_64 | 1.8 | 9.29 | 93.48 | 102.77 | OK | |
r-release-windows-ix86+x86_64 | 1.8 | 31.00 | 146.00 | 177.00 | OK | |
r-release-osx-x86_64 | 1.8 | OK | ||||
r-oldrel-windows-ix86+x86_64 | 1.8 | 17.00 | 105.00 | 122.00 | OK | |
r-oldrel-osx-x86_64 | 1.8 | OK |
Version: 1.8
Check: package dependencies
Result: NOTE
Package suggested but not available for checking: ‘RWeka’
Flavor: r-patched-solaris-x86