CRAN Package Check Results for Package ParamHelpers

Last updated on 2018-10-19 01:46:33 CEST.

Flavor Version Tinstall Tcheck Ttotal Status Flags
r-devel-linux-x86_64-debian-clang 1.11 5.35 57.90 63.25 OK
r-devel-linux-x86_64-debian-gcc 1.11 5.37 44.28 49.65 OK
r-devel-linux-x86_64-fedora-clang 1.11 73.12 OK
r-devel-linux-x86_64-fedora-gcc 1.11 71.28 OK
r-devel-windows-ix86+x86_64 1.11 15.00 126.00 141.00 OK
r-patched-linux-x86_64 1.11 6.24 53.48 59.72 OK
r-patched-solaris-x86 1.11 92.00 OK
r-release-linux-x86_64 1.11 5.77 53.76 59.53 OK
r-release-windows-ix86+x86_64 1.11 13.00 130.00 143.00 OK
r-release-osx-x86_64 1.11 OK
r-oldrel-windows-ix86+x86_64 1.11 12.00 93.00 105.00 WARN
r-oldrel-osx-x86_64 1.11 WARN

Additional issues

rchk

Check Details

Version: 1.11
Check: whether package can be installed
Result: WARN
    Found the following significant warnings:
     Warning: replacing previous import 'BBmisc::isFALSE' by 'backports::isFALSE' when loading 'ParamHelpers'
Flavors: r-oldrel-windows-ix86+x86_64, r-oldrel-osx-x86_64