CRAN Package Check Results for Package PhyInformR

Last updated on 2018-10-19 01:46:34 CEST.

Flavor Version Tinstall Tcheck Ttotal Status Flags
r-devel-linux-x86_64-debian-clang 1.0 8.15 71.72 79.87 OK
r-devel-linux-x86_64-debian-gcc 1.0 7.34 56.10 63.44 OK
r-devel-linux-x86_64-fedora-clang 1.0 93.73 NOTE
r-devel-linux-x86_64-fedora-gcc 1.0 89.04 NOTE
r-devel-windows-ix86+x86_64 1.0 22.00 101.00 123.00 OK
r-patched-linux-x86_64 1.0 7.12 63.69 70.81 OK
r-patched-solaris-x86 1.0 131.60 NOTE
r-release-linux-x86_64 1.0 7.88 64.14 72.02 OK
r-release-windows-ix86+x86_64 1.0 26.00 114.00 140.00 OK
r-release-osx-x86_64 1.0 NOTE
r-oldrel-windows-ix86+x86_64 1.0 14.00 111.00 125.00 OK
r-oldrel-osx-x86_64 1.0 NOTE

Check Details

Version: 1.0
Check: dependencies in R code
Result: NOTE
    Namespaces in Imports field not imported from:
     ‘gplots’ ‘phytools’
     All declared Imports should be used.
Flavors: r-devel-linux-x86_64-fedora-clang, r-devel-linux-x86_64-fedora-gcc, r-patched-solaris-x86, r-release-osx-x86_64, r-oldrel-osx-x86_64