CRAN Package Check Results for Package PlackettLuce

Last updated on 2018-10-19 01:46:34 CEST.

Flavor Version Tinstall Tcheck Ttotal Status Flags
r-devel-linux-x86_64-debian-clang 0.2-3 6.46 154.43 160.89 OK
r-devel-linux-x86_64-debian-gcc 0.2-3 5.71 116.72 122.43 OK
r-devel-linux-x86_64-fedora-clang 0.2-3 189.04 OK
r-devel-linux-x86_64-fedora-gcc 0.2-3 179.99 OK
r-devel-windows-ix86+x86_64 0.2-3 16.00 216.00 232.00 OK
r-patched-linux-x86_64 0.2-3 6.40 135.79 142.19 OK
r-patched-solaris-x86 0.2-3 247.80 OK
r-release-linux-x86_64 0.2-3 6.56 135.39 141.95 OK
r-release-windows-ix86+x86_64 0.2-3 19.00 191.00 210.00 OK
r-release-osx-x86_64 0.2-3 NOTE
r-oldrel-windows-ix86+x86_64 0.2-3 7.00 165.00 172.00 OK
r-oldrel-osx-x86_64 0.2-3 NOTE

Check Details

Version: 0.2-3
Check: package dependencies
Result: NOTE
    Package suggested but not available for checking: ‘BiocStyle’
Flavors: r-release-osx-x86_64, r-oldrel-osx-x86_64