CRAN Package Check Results for Package RColorBrewer

Last updated on 2018-10-19 01:46:37 CEST.

Flavor Version Tinstall Tcheck Ttotal Status Flags
r-devel-linux-x86_64-debian-clang 1.1-2 1.83 18.30 20.13 NOTE
r-devel-linux-x86_64-debian-gcc 1.1-2 1.08 14.83 15.91 NOTE
r-devel-linux-x86_64-fedora-clang 1.1-2 24.18 NOTE
r-devel-linux-x86_64-fedora-gcc 1.1-2 23.01 NOTE
r-devel-windows-ix86+x86_64 1.1-2 5.00 35.00 40.00 NOTE
r-patched-linux-x86_64 1.1-2 1.51 16.67 18.18 NOTE
r-patched-solaris-x86 1.1-2 33.00 NOTE
r-release-linux-x86_64 1.1-2 1.95 17.02 18.97 NOTE
r-release-windows-ix86+x86_64 1.1-2 7.00 26.00 33.00 NOTE
r-release-osx-x86_64 1.1-2 NOTE
r-oldrel-windows-ix86+x86_64 1.1-2 3.00 26.00 29.00 NOTE
r-oldrel-osx-x86_64 1.1-2 NOTE

Check Details

Version: 1.1-2
Check: DESCRIPTION meta-information
Result: NOTE
    Malformed Description field: should contain one or more complete sentences.
Flavors: r-devel-linux-x86_64-debian-clang, r-devel-linux-x86_64-debian-gcc, r-devel-linux-x86_64-fedora-clang, r-devel-linux-x86_64-fedora-gcc, r-devel-windows-ix86+x86_64, r-patched-linux-x86_64, r-patched-solaris-x86, r-release-linux-x86_64, r-release-windows-ix86+x86_64, r-release-osx-x86_64, r-oldrel-windows-ix86+x86_64, r-oldrel-osx-x86_64

Version: 1.1-2
Check: R code for possible problems
Result: NOTE
    brewer.pal: no visible global function definition for ‘rgb’
    display.brewer.all: no visible global function definition for ‘par’
    display.brewer.all: no visible global function definition for ‘plot’
    display.brewer.all: no visible global function definition for ‘rect’
    display.brewer.all: no visible global function definition for ‘text’
    display.brewer.pal: no visible global function definition for ‘image’
    Undefined global functions or variables:
     image par plot rect rgb text
    Consider adding
     importFrom("grDevices", "rgb")
     importFrom("graphics", "image", "par", "plot", "rect", "text")
    to your NAMESPACE file.
Flavors: r-devel-linux-x86_64-debian-clang, r-devel-linux-x86_64-debian-gcc, r-devel-linux-x86_64-fedora-clang, r-devel-linux-x86_64-fedora-gcc, r-devel-windows-ix86+x86_64, r-patched-linux-x86_64, r-patched-solaris-x86, r-release-linux-x86_64, r-release-windows-ix86+x86_64, r-release-osx-x86_64, r-oldrel-windows-ix86+x86_64, r-oldrel-osx-x86_64