CRAN Package Check Results for Package REPLesentR

Last updated on 2018-10-19 01:46:38 CEST.

Flavor Version Tinstall Tcheck Ttotal Status Flags
r-devel-linux-x86_64-debian-clang 0.2.0 2.62 39.57 42.19 ERROR
r-devel-linux-x86_64-debian-gcc 0.2.0 2.46 30.47 32.93 ERROR
r-devel-linux-x86_64-fedora-clang 0.2.0 47.85 OK
r-devel-linux-x86_64-fedora-gcc 0.2.0 45.95 OK
r-devel-windows-ix86+x86_64 0.2.0 9.00 74.00 83.00 OK
r-patched-linux-x86_64 0.2.0 2.24 31.39 33.63 ERROR
r-patched-solaris-x86 0.2.0 54.50 ERROR
r-release-linux-x86_64 0.2.0 2.27 31.45 33.72 ERROR
r-release-osx-x86_64 0.2.0 ERROR
r-oldrel-windows-ix86+x86_64 0.2.0 6.00 58.00 64.00 OK
r-oldrel-osx-x86_64 0.2.0 ERROR

Check Details

Version: 0.2.0
Check: tests
Result: ERROR
     Running ‘testthat.R’ [2s/3s]
    Running the tests in ‘tests/testthat.R’ failed.
    Complete output:
     > library("REPLesentR")
     >
     > if (requireNamespace("testthat", quietly = TRUE)) {
     + testthat::test_check("REPLesentR")
     + }
     ── 1. Error: (@test-Evaluate.R#6) ───────────────────────────────────────
     cannot open the connection
     1: SlideDeck()$new(Read()$auto(fname, quiet = TRUE)) at testthat/test-Evaluate.R:6
     2: splitRawTextIntoSlides(rawText, slideSep)
     3: numeric(length(rawText))
     4: Read()$auto(fname, quiet = TRUE)
     5: get(fileExt, mode = "function")(fileName, ...)
     6: knitr::knit(fileName, mdFile, ...)
     7: writeLines(if (encoding == "") res else native_encode(res, to = encoding), con = output,
     useBytes = encoding != "")
     8: file(con, "w")
    
     ********************************************************************************
     * *
     * *
     * *
     * *
     * *
     * HEAD LINE *
     * *
     * x <- 1 *
     * y <- 2 *
     * *
     * *
     * centered text *
     * - '//code' is very important *
     * cat('real code is the real deal') *
     * *
     * *
     * *
     * *
     * *
     * *
     ********************************************************************************
     ── 2. Error: Testing the introduction presentation (@test-SlideDeck.R#5) ─
     cannot open the connection
     1: Read()$auto(fname, quiet = TRUE) at testthat/test-SlideDeck.R:5
     2: get(fileExt, mode = "function")(fileName, ...)
     3: knitr::knit(fileName, mdFile, ...)
     4: writeLines(if (encoding == "") res else native_encode(res, to = encoding), con = output,
     useBytes = encoding != "")
     5: file(con, "w")
    
     ══ testthat results ═══════════════════════════════════════════════════════════
     OK: 12 SKIPPED: 0 FAILED: 2
     1. Error: (@test-Evaluate.R#6)
     2. Error: Testing the introduction presentation (@test-SlideDeck.R#5)
    
     Error: testthat unit tests failed
     Execution halted
Flavors: r-devel-linux-x86_64-debian-clang, r-devel-linux-x86_64-debian-gcc

Version: 0.2.0
Check: tests
Result: ERROR
     Running ‘testthat.R’ [2s/2s]
    Running the tests in ‘tests/testthat.R’ failed.
    Complete output:
     > library("REPLesentR")
     >
     > if (requireNamespace("testthat", quietly = TRUE)) {
     + testthat::test_check("REPLesentR")
     + }
     ── 1. Error: (@test-Evaluate.R#6) ───────────────────────────────────────
     cannot open the connection
     1: SlideDeck()$new(Read()$auto(fname, quiet = TRUE)) at testthat/test-Evaluate.R:6
     2: splitRawTextIntoSlides(rawText, slideSep)
     3: numeric(length(rawText))
     4: Read()$auto(fname, quiet = TRUE)
     5: get(fileExt, mode = "function")(fileName, ...)
     6: knitr::knit(fileName, mdFile, ...)
     7: writeLines(if (encoding == "") res else native_encode(res, to = encoding), con = output,
     useBytes = encoding != "")
     8: file(con, "w")
    
     ********************************************************************************
     * *
     * *
     * *
     * *
     * *
     * HEAD LINE *
     * *
     * x <- 1 *
     * y <- 2 *
     * *
     * *
     * centered text *
     * - '//code' is very important *
     * cat('real code is the real deal') *
     * *
     * *
     * *
     * *
     * *
     * *
     ********************************************************************************
     ── 2. Error: Testing the introduction presentation (@test-SlideDeck.R#5) ─
     cannot open the connection
     1: Read()$auto(fname, quiet = TRUE) at testthat/test-SlideDeck.R:5
     2: get(fileExt, mode = "function")(fileName, ...)
     3: knitr::knit(fileName, mdFile, ...)
     4: writeLines(if (encoding == "") res else native_encode(res, to = encoding), con = output,
     useBytes = encoding != "")
     5: file(con, "w")
    
     ══ testthat results ═══════════════════════════════════════════════════════════
     OK: 12 SKIPPED: 0 FAILED: 2
     1. Error: (@test-Evaluate.R#6)
     2. Error: Testing the introduction presentation (@test-SlideDeck.R#5)
    
     Error: testthat unit tests failed
     Execution halted
Flavors: r-patched-linux-x86_64, r-release-linux-x86_64

Version: 0.2.0
Check: tests
Result: ERROR
     Running ‘testthat.R’
    Running the tests in ‘tests/testthat.R’ failed.
    Complete output:
     > library("REPLesentR")
     >
     > if (requireNamespace("testthat", quietly = TRUE)) {
     + testthat::test_check("REPLesentR")
     + }
     ── 1. Error: (@test-Evaluate.R#6) ────────────────────────────────────────────
     Please install pandoc first: http://pandoc.org
     1: SlideDeck()$new(Read()$auto(fname, quiet = TRUE)) at testthat/test-Evaluate.R:6
     2: splitRawTextIntoSlides(rawText, slideSep)
     3: numeric(length(rawText))
     4: Read()$auto(fname, quiet = TRUE)
     5: get(fileExt, mode = "function")(fileName, ...)
     6: md(mdFile)
     7: knitr::pandoc(fileName, format = "plain")
     8: stop("Please install pandoc first: http://pandoc.org")
    
     ********************************************************************************
     * *
     * *
     * *
     * *
     * *
     * HEAD LINE *
     * *
     * x <- 1 *
     * y <- 2 *
     * *
     * *
     * centered text *
     * - '//code' is very important *
     * cat('real code is the real deal') *
     * *
     * *
     * *
     * *
     * *
     * *
     ********************************************************************************
     ── 2. Error: Testing the introduction presentation (@test-SlideDeck.R#5) ──────
     Please install pandoc first: http://pandoc.org
     1: Read()$auto(fname, quiet = TRUE) at testthat/test-SlideDeck.R:5
     2: get(fileExt, mode = "function")(fileName, ...)
     3: md(mdFile)
     4: knitr::pandoc(fileName, format = "plain")
     5: stop("Please install pandoc first: http://pandoc.org")
    
     ══ testthat results ═══════════════════════════════════════════════════════════
     OK: 10 SKIPPED: 0 FAILED: 2
     1. Error: (@test-Evaluate.R#6)
     2. Error: Testing the introduction presentation (@test-SlideDeck.R#5)
    
     Error: testthat unit tests failed
     Execution halted
Flavor: r-patched-solaris-x86

Version: 0.2.0
Check: tests
Result: ERROR
     Running ‘testthat.R’ [2s/2s]
    Running the tests in ‘tests/testthat.R’ failed.
    Last 13 lines of output:
     ── 2. Error: Testing the introduction presentation (@test-SlideDeck.R#5) ──────
     Please install pandoc first: http://pandoc.org
     1: Read()$auto(fname, quiet = TRUE) at testthat/test-SlideDeck.R:5
     2: get(fileExt, mode = "function")(fileName, ...)
     3: md(mdFile)
     4: knitr::pandoc(fileName, format = "plain")
     5: stop("Please install pandoc first: http://pandoc.org")
    
     ══ testthat results ═══════════════════════════════════════════════════════════
     OK: 10 SKIPPED: 0 FAILED: 2
     1. Error: (@test-Evaluate.R#6)
     2. Error: Testing the introduction presentation (@test-SlideDeck.R#5)
    
     Error: testthat unit tests failed
     Execution halted
Flavor: r-release-osx-x86_64

Version: 0.2.0
Check: tests
Result: ERROR
     Running ‘testthat.R’ [3s/3s]
    Running the tests in ‘tests/testthat.R’ failed.
    Last 13 lines of output:
     ── 2. Error: Testing the introduction presentation (@test-SlideDeck.R#5) ──────
     Please install pandoc first: http://pandoc.org
     1: Read()$auto(fname, quiet = TRUE) at testthat/test-SlideDeck.R:5
     2: get(fileExt, mode = "function")(fileName, ...)
     3: md(mdFile)
     4: knitr::pandoc(fileName, format = "plain")
     5: stop("Please install pandoc first: http://pandoc.org")
    
     ══ testthat results ═══════════════════════════════════════════════════════════
     OK: 10 SKIPPED: 0 FAILED: 2
     1. Error: (@test-Evaluate.R#6)
     2. Error: Testing the introduction presentation (@test-SlideDeck.R#5)
    
     Error: testthat unit tests failed
     Execution halted
Flavor: r-oldrel-osx-x86_64