CRAN Package Check Results for Package REndo

Last updated on 2018-10-19 01:46:38 CEST.

Flavor Version Tinstall Tcheck Ttotal Status Flags
r-devel-linux-x86_64-debian-clang 1.3 3.68 47.21 50.89 OK
r-devel-linux-x86_64-debian-gcc 1.3 3.79 37.10 40.89 OK
r-devel-linux-x86_64-fedora-clang 1.3 61.08 NOTE
r-devel-linux-x86_64-fedora-gcc 1.3 58.63 NOTE
r-devel-windows-ix86+x86_64 1.3 10.00 84.00 94.00 OK
r-patched-linux-x86_64 1.3 3.31 42.69 46.00 OK
r-patched-solaris-x86 1.3 80.90 NOTE
r-release-linux-x86_64 1.3 3.67 43.55 47.22 OK
r-release-windows-ix86+x86_64 1.3 9.00 73.00 82.00 OK
r-release-osx-x86_64 1.3 NOTE
r-oldrel-windows-ix86+x86_64 1.3 5.00 79.00 84.00 OK
r-oldrel-osx-x86_64 1.3 NOTE

Check Details

Version: 1.3
Check: dependencies in R code
Result: NOTE
    Namespaces in Imports field not imported from:
     ‘compiler’ ‘data.table’
     All declared Imports should be used.
Flavors: r-devel-linux-x86_64-fedora-clang, r-devel-linux-x86_64-fedora-gcc, r-patched-solaris-x86, r-release-osx-x86_64, r-oldrel-osx-x86_64