Last updated on 2018-10-19 01:46:39 CEST.
Flavor | Version | Tinstall | Tcheck | Ttotal | Status | Flags |
---|---|---|---|---|---|---|
r-devel-linux-x86_64-debian-clang | 1.0-7 | 2.62 | 29.03 | 31.65 | NOTE | |
r-devel-linux-x86_64-debian-gcc | 1.0-7 | 2.28 | 23.07 | 25.35 | NOTE | |
r-devel-linux-x86_64-fedora-clang | 1.0-7 | 36.85 | NOTE | |||
r-devel-linux-x86_64-fedora-gcc | 1.0-7 | 35.51 | NOTE | |||
r-devel-windows-ix86+x86_64 | 1.0-7 | 6.00 | 62.00 | 68.00 | NOTE | |
r-patched-linux-x86_64 | 1.0-7 | 2.90 | 26.67 | 29.57 | NOTE | |
r-patched-solaris-x86 | 1.0-7 | 51.20 | NOTE | |||
r-release-linux-x86_64 | 1.0-7 | 2.04 | 26.97 | 29.01 | NOTE | |
r-release-windows-ix86+x86_64 | 1.0-7 | 5.00 | 54.00 | 59.00 | NOTE | |
r-release-osx-x86_64 | 1.0-7 | NOTE | ||||
r-oldrel-windows-ix86+x86_64 | 1.0-7 | 3.00 | 53.00 | 56.00 | NOTE | |
r-oldrel-osx-x86_64 | 1.0-7 | NOTE |
Version: 1.0-7
Check: R code for possible problems
Result: NOTE
.combine.performance.objects: no visible global function definition for
‘approxfun’
.get.arglist: no visible binding for global variable ‘plot.default’
.get.arglist: no visible global function definition for ‘par’
.get.arglist: no visible binding for global variable ‘plot.xy’
.intersection.point: no visible global function definition for
‘uniroot’
.performance.auc: no visible global function definition for ‘approxfun’
.performance.calibration.error: no visible global function definition
for ‘median’
.performance.chisq: no visible global function definition for
‘chisq.test’
.performance.plot.canvas: no visible global function definition for
‘axTicks’
.performance.plot.canvas: no visible global function definition for
‘approxfun’
.performance.plot.canvas: no visible global function definition for
‘rect’
.performance.plot.horizontal.avg: no visible global function definition
for ‘approxfun’
.performance.plot.horizontal.avg : <anonymous>: no visible global
function definition for ‘approxfun’
.performance.plot.horizontal.avg: no visible binding for global
variable ‘sd’
.performance.plot.no.avg: no visible global function definition for
‘xy.coords’
.performance.plot.no.avg: no visible global function definition for
‘approxfun’
.performance.plot.threshold.avg: no visible global function definition
for ‘approxfun’
.performance.plot.threshold.avg : <anonymous>: no visible global
function definition for ‘approxfun’
.performance.plot.threshold.avg: no visible binding for global variable
‘sd’
.performance.plot.vertical.avg: no visible global function definition
for ‘approxfun’
.performance.plot.vertical.avg : <anonymous>: no visible global
function definition for ‘approxfun’
.performance.plot.vertical.avg: no visible binding for global variable
‘sd’
.performance.precision.recall.break.even.point: no visible global
function definition for ‘uniroot’
.performance.precision.recall.break.even.point: no visible global
function definition for ‘approxfun’
.performance.rocconvexhull: no visible global function definition for
‘chull’
.plot.performance: no visible global function definition for ‘rainbow’
plot,performance-missing: no visible global function definition for
‘rainbow’
Undefined global functions or variables:
approxfun axTicks chisq.test chull median par plot.default plot.xy
rainbow rect sd uniroot xy.coords
Consider adding
importFrom("grDevices", "chull", "rainbow", "xy.coords")
importFrom("graphics", "axTicks", "par", "plot.default", "plot.xy",
"rect")
importFrom("stats", "approxfun", "chisq.test", "median", "sd",
"uniroot")
to your NAMESPACE file.
Flavors: r-devel-linux-x86_64-debian-clang, r-devel-linux-x86_64-debian-gcc, r-devel-linux-x86_64-fedora-clang, r-devel-linux-x86_64-fedora-gcc, r-devel-windows-ix86+x86_64, r-patched-linux-x86_64, r-patched-solaris-x86, r-release-linux-x86_64, r-release-windows-ix86+x86_64, r-release-osx-x86_64, r-oldrel-windows-ix86+x86_64, r-oldrel-osx-x86_64