Last updated on 2018-10-19 01:46:40 CEST.
Flavor | Version | Tinstall | Tcheck | Ttotal | Status | Flags |
---|---|---|---|---|---|---|
r-devel-linux-x86_64-debian-clang | 1.0 | 5.01 | 54.39 | 59.40 | NOTE | |
r-devel-linux-x86_64-debian-gcc | 1.0 | 4.02 | 43.88 | 47.90 | NOTE | |
r-devel-linux-x86_64-fedora-clang | 1.0 | 69.05 | NOTE | |||
r-devel-linux-x86_64-fedora-gcc | 1.0 | 67.86 | NOTE | |||
r-devel-windows-ix86+x86_64 | 1.0 | 10.00 | 83.00 | 93.00 | NOTE | |
r-patched-linux-x86_64 | 1.0 | 4.18 | 45.09 | 49.27 | NOTE | |
r-patched-solaris-x86 | 1.0 | 91.50 | NOTE | |||
r-release-linux-x86_64 | 1.0 | 2.75 | 45.00 | 47.75 | NOTE | |
r-release-windows-ix86+x86_64 | 1.0 | 11.00 | 75.00 | 86.00 | NOTE | |
r-release-osx-x86_64 | 1.0 | NOTE | ||||
r-oldrel-windows-ix86+x86_64 | 1.0 | 5.00 | 59.00 | 64.00 | NOTE | |
r-oldrel-osx-x86_64 | 1.0 | NOTE |
Version: 1.0
Check: top-level files
Result: NOTE
Non-standard file/directory found at top level:
‘Read-and-delete-me’
Flavors: r-devel-linux-x86_64-debian-clang, r-devel-linux-x86_64-debian-gcc, r-devel-linux-x86_64-fedora-clang, r-devel-linux-x86_64-fedora-gcc, r-patched-linux-x86_64, r-release-linux-x86_64
Version: 1.0
Check: dependencies in R code
Result: NOTE
'library' or 'require' calls to packages already attached by Depends:
‘MASS’ ‘survival’
Please remove these calls from your code.
Packages in Depends field not imported from:
‘MASS’ ‘survival’
These packages need to be imported from (in the NAMESPACE file)
for when this namespace is loaded but not attached.
Flavors: r-devel-linux-x86_64-debian-clang, r-devel-linux-x86_64-debian-gcc, r-devel-linux-x86_64-fedora-clang, r-devel-linux-x86_64-fedora-gcc, r-devel-windows-ix86+x86_64, r-patched-linux-x86_64, r-patched-solaris-x86, r-release-linux-x86_64, r-release-windows-ix86+x86_64, r-release-osx-x86_64, r-oldrel-windows-ix86+x86_64, r-oldrel-osx-x86_64
Version: 1.0
Check: R code for possible problems
Result: NOTE
GenerateData: no visible global function definition for ‘mvrnorm’
GetVarImp : FitPenalizedModel: no visible global function definition
for ‘clogit’
Undefined global functions or variables:
clogit mvrnorm
Flavors: r-devel-linux-x86_64-debian-clang, r-devel-linux-x86_64-debian-gcc, r-devel-linux-x86_64-fedora-clang, r-devel-linux-x86_64-fedora-gcc, r-devel-windows-ix86+x86_64, r-patched-linux-x86_64, r-patched-solaris-x86, r-release-linux-x86_64, r-release-windows-ix86+x86_64, r-release-osx-x86_64, r-oldrel-windows-ix86+x86_64, r-oldrel-osx-x86_64
Version: 1.0
Check: Rd line widths
Result: NOTE
Rd file 'GetVarImp.Rd':
\examples lines wider than 100 characters:
hist(MyResults, breaks=6, col="orange", xlab="Importance score", ylab="Number of features", main="Histogram of R-PCLR variable importan ... [TRUNCATED]
## Sort from most important (highest importance score) to least important feature (lowest importance score)
These lines will be truncated in the PDF manual.
Flavors: r-devel-linux-x86_64-debian-clang, r-devel-linux-x86_64-debian-gcc, r-devel-linux-x86_64-fedora-clang, r-devel-linux-x86_64-fedora-gcc, r-patched-linux-x86_64, r-release-linux-x86_64