CRAN Package Check Results for Package RPostgres

Last updated on 2018-10-19 01:46:40 CEST.

Flavor Version Tinstall Tcheck Ttotal Status Flags
r-devel-linux-x86_64-debian-clang 1.1.1 123.84 37.83 161.67 OK
r-devel-linux-x86_64-debian-gcc 1.1.1 99.05 30.58 129.63 OK
r-devel-linux-x86_64-fedora-clang 1.1.1 244.65 OK
r-devel-linux-x86_64-fedora-gcc 1.1.1 206.69 OK
r-devel-windows-ix86+x86_64 1.1.1 703.00 96.00 799.00 NOTE
r-patched-linux-x86_64 1.1.1 133.24 32.55 165.79 OK
r-patched-solaris-x86 1.1.1 3.50 ERROR
r-release-linux-x86_64 1.1.1 125.60 32.98 158.58 OK
r-release-windows-ix86+x86_64 1.1.1 581.00 118.00 699.00 NOTE
r-release-osx-x86_64 1.1.1 OK
r-oldrel-windows-ix86+x86_64 1.1.1 516.00 95.00 611.00 NOTE
r-oldrel-osx-x86_64 1.1.1 OK

Check Details

Version: 1.1.1
Check: installed package size
Result: NOTE
     installed size is 6.1Mb
     sub-directories of 1Mb or more:
     libs 5.8Mb
Flavors: r-devel-windows-ix86+x86_64, r-release-windows-ix86+x86_64, r-oldrel-windows-ix86+x86_64

Version: 1.1.1
Check: whether package can be installed
Result: ERROR
    Installation failed.
Flavor: r-patched-solaris-x86