Last updated on 2018-10-19 01:46:40 CEST.
Flavor | Version | Tinstall | Tcheck | Ttotal | Status | Flags |
---|---|---|---|---|---|---|
r-devel-linux-x86_64-debian-clang | 0.13-1 | 192.98 | 67.99 | 260.97 | OK | |
r-devel-linux-x86_64-debian-gcc | 0.13-1 | 184.27 | 57.72 | 241.99 | OK | |
r-devel-linux-x86_64-fedora-clang | 0.13-1 | 355.00 | NOTE | |||
r-devel-linux-x86_64-fedora-gcc | 0.13-1 | 338.05 | OK | |||
r-devel-windows-ix86+x86_64 | 0.13-1 | 338.00 | 140.00 | 478.00 | OK | |
r-patched-linux-x86_64 | 0.13-1 | 209.45 | 59.73 | 269.18 | OK | |
r-patched-solaris-x86 | 0.13-1 | 294.00 | OK | |||
r-release-linux-x86_64 | 0.13-1 | 210.97 | 59.22 | 270.19 | OK | |
r-release-windows-ix86+x86_64 | 0.13-1 | 354.00 | 127.00 | 481.00 | OK | |
r-release-osx-x86_64 | 0.13-1 | NOTE | ||||
r-oldrel-windows-ix86+x86_64 | 0.13-1 | 254.00 | 126.00 | 380.00 | OK | |
r-oldrel-osx-x86_64 | 0.13-1 | NOTE |
Version: 0.13-1
Check: installed package size
Result: NOTE
installed size is 54.4Mb
sub-directories of 1Mb or more:
libs 53.8Mb
Flavors: r-devel-linux-x86_64-fedora-clang, r-release-osx-x86_64, r-oldrel-osx-x86_64