CRAN Package Check Results for Package RSuite

Last updated on 2018-10-19 01:46:50 CEST.

Flavor Version Tinstall Tcheck Ttotal Status Flags
r-devel-linux-x86_64-debian-clang 0.33-246 10.04 764.84 774.88 OK
r-devel-linux-x86_64-debian-gcc 0.33-246 6.79 555.61 562.40 OK
r-devel-linux-x86_64-fedora-clang 0.33-246 926.63 OK
r-devel-linux-x86_64-fedora-gcc 0.33-246 812.15 OK
r-devel-windows-ix86+x86_64 0.33-246 23.00 373.00 396.00 OK
r-patched-linux-x86_64 0.33-246 9.22 732.35 741.57 OK
r-patched-solaris-x86 0.33-246 133.90 ERROR
r-release-linux-x86_64 0.33-246 8.39 736.35 744.74 OK
r-release-windows-ix86+x86_64 0.33-246 25.00 342.00 367.00 OK
r-release-osx-x86_64 0.33-246 OK
r-oldrel-windows-ix86+x86_64 0.33-246 9.00 390.00 399.00 OK
r-oldrel-osx-x86_64 0.33-246 OK

Check Details

Version: 0.33-246
Check: examples
Result: ERROR
    Running examples in ‘RSuite-Ex.R’ failed
    The error most likely occurred in:
    
    > ### Name: prj_pack
    > ### Title: Prepares project source pack tagged with version.
    > ### Aliases: prj_pack
    >
    > ### ** Examples
    >
    > # create exemplary project base folder
    > prj_base <- tempfile("example_")
    > dir.create(prj_base, recursive = TRUE, showWarnings = FALSE)
    >
    > # start project
    > prj <- prj_start("my_project", skip_rc = TRUE, path = prj_base)
    2018-10-05 04:07:59 INFO:rsuite:Project my_project has structure compliant with current version of RSuite(v0.33.246).
    2018-10-05 04:07:59 INFO:rsuite:Project my_project started.
    >
    > # create package in the project
    > prj_start_package("mypackage", prj = prj, skip_rc = TRUE)
    2018-10-05 04:07:59 INFO:rsuite:Package mypackage started in project my_project.
    >
    > # build project source pack
    > pack_fpath <- prj_pack(prj = prj, path = tempdir(), pack_ver = "1.0")
    2018-10-05 04:07:59 WARNING:rsuite:Project environment is not locked!
    2018-10-05 04:07:59 INFO:rsuite:Exporting project from /tmp/RtmpaeaiUM/example_4d7137d28d7/my_project ...
    2018-10-05 04:07:59 INFO:rsuite:Exporting project from /tmp/RtmpaeaiUM/example_4d7137d28d7/my_project ... done
    2018-10-05 04:08:00 WARNING:rsuite:Zip building aborted for
    2018-10-05 04:08:00 ERROR:rsuite:Failed to create pack file (zip returned non 0 return status).
    Error: Failed to create pack file (zip returned non 0 return status).
    Execution halted
Flavor: r-patched-solaris-x86