Last updated on 2018-10-19 01:46:50 CEST.
Flavor | Version | Tinstall | Tcheck | Ttotal | Status | Flags |
---|---|---|---|---|---|---|
r-devel-linux-x86_64-debian-clang | 1.3-1 | 4.33 | 45.17 | 49.50 | WARN | |
r-devel-linux-x86_64-debian-gcc | 1.3-1 | 2.80 | 33.54 | 36.34 | OK | |
r-devel-linux-x86_64-fedora-clang | 1.3-1 | 57.05 | WARN | |||
r-devel-linux-x86_64-fedora-gcc | 1.3-1 | 56.32 | OK | |||
r-devel-windows-ix86+x86_64 | 1.3-1 | 15.00 | 98.00 | 113.00 | OK | |
r-patched-linux-x86_64 | 1.3-1 | 2.98 | 42.93 | 45.91 | OK | |
r-patched-solaris-x86 | 1.3-1 | 68.50 | OK | |||
r-release-linux-x86_64 | 1.3-1 | 3.37 | 43.29 | 46.66 | OK | |
r-release-windows-ix86+x86_64 | 1.3-1 | 12.00 | 99.00 | 111.00 | OK | |
r-release-osx-x86_64 | 1.3-1 | WARN | ||||
r-oldrel-windows-ix86+x86_64 | 1.3-1 | 11.00 | 94.00 | 105.00 | OK | |
r-oldrel-osx-x86_64 | 1.3-1 | OK |
Version: 1.3-1
Check: whether package can be installed
Result: WARN
Found the following significant warnings:
qwiener.c:60:12: warning: explicitly assigning value of variable of type 'double' to itself [-Wself-assign]
qwiener.c:69:12: warning: explicitly assigning value of variable of type 'double' to itself [-Wself-assign]
Flavors: r-devel-linux-x86_64-debian-clang, r-devel-linux-x86_64-fedora-clang, r-release-osx-x86_64