Last updated on 2018-10-19 01:46:50 CEST.
Flavor | Version | Tinstall | Tcheck | Ttotal | Status | Flags |
---|---|---|---|---|---|---|
r-devel-linux-x86_64-debian-clang | 0.9.3 | 6.67 | 97.28 | 103.95 | OK | |
r-devel-linux-x86_64-debian-gcc | 0.9.3 | 6.05 | 75.50 | 81.55 | OK | |
r-devel-linux-x86_64-fedora-clang | 0.9.3 | 121.00 | NOTE | |||
r-devel-linux-x86_64-fedora-gcc | 0.9.3 | 116.54 | NOTE | |||
r-devel-windows-ix86+x86_64 | 0.9.3 | 18.00 | 100.00 | 118.00 | OK | |
r-patched-linux-x86_64 | 0.9.3 | 4.67 | 79.08 | 83.75 | OK | |
r-patched-solaris-x86 | 0.9.3 | 158.60 | NOTE | |||
r-release-linux-x86_64 | 0.9.3 | 5.31 | 78.69 | 84.00 | OK | |
r-release-windows-ix86+x86_64 | 0.9.3 | 16.00 | 124.00 | 140.00 | OK | |
r-release-osx-x86_64 | 0.9.3 | NOTE | ||||
r-oldrel-windows-ix86+x86_64 | 0.9.3 | 9.00 | 132.00 | 141.00 | OK | |
r-oldrel-osx-x86_64 | 0.9.3 | NOTE |
Version: 0.9.3
Check: data for non-ASCII characters
Result: NOTE
Note: found 6 marked UTF-8 strings
Flavors: r-devel-linux-x86_64-fedora-clang, r-devel-linux-x86_64-fedora-gcc, r-patched-solaris-x86, r-release-osx-x86_64, r-oldrel-osx-x86_64