CRAN Package Check Results for Package Rchoice

Last updated on 2018-10-19 01:46:37 CEST.

Flavor Version Tinstall Tcheck Ttotal Status Flags
r-devel-linux-x86_64-debian-clang 0.3-1 7.48 86.08 93.56 ERROR
r-devel-linux-x86_64-debian-gcc 0.3-1 7.10 66.27 73.37 ERROR
r-devel-linux-x86_64-fedora-clang 0.3-1 110.08 OK
r-devel-linux-x86_64-fedora-gcc 0.3-1 109.22 OK
r-devel-windows-ix86+x86_64 0.3-1 18.00 127.00 145.00 OK
r-patched-linux-x86_64 0.3-1 5.78 69.24 75.02 ERROR
r-patched-solaris-x86 0.3-1 141.10 OK
r-release-linux-x86_64 0.3-1 6.58 70.90 77.48 ERROR
r-release-windows-ix86+x86_64 0.3-1 16.00 113.00 129.00 OK
r-release-osx-x86_64 0.3-1 OK
r-oldrel-windows-ix86+x86_64 0.3-1 8.00 113.00 121.00 OK
r-oldrel-osx-x86_64 0.3-1 OK

Check Details

Version: 0.3-1
Check: examples
Result: ERROR
    Running examples in ‘Rchoice-Ex.R’ failed
    The error most likely occurred in:
    
    > base::assign(".ptime", proc.time(), pos = "CheckExEnv")
    > ### Name: estfun.Rchoice
    > ### Title: Gradient for observations
    > ### Aliases: estfun.Rchoice
    >
    > ### ** Examples
    >
    > ## Probit model
    > data("Workmroz")
    > probit <- Rchoice(lfp ~ k5 + k618 + age + wc + hc + lwg + inc,
    + data = Workmroz , family = binomial('probit'))
    > summary(probit)
    
    Model: binomial
    Model estimated on: Wed Oct 17 06:54:21 PM 2018
    
    Call:
    Rchoice(formula = lfp ~ k5 + k618 + age + wc + hc + lwg + inc,
     data = Workmroz, family = binomial("probit"), method = "nr")
    
    
    Frequencies of categories:
    y
     0 1
    0.4316 0.5684
    The estimation took: 0h:0m:0s
    
    Coefficients:
     Estimate Std. Error z-value Pr(>|z|)
    constant 1.918422 0.380654 5.040 4.66e-07 ***
    k5 -0.874711 0.113558 -7.703 1.33e-14 ***
    k618 -0.038594 0.040489 -0.953 0.340488
    age -0.037824 0.007609 -4.971 6.67e-07 ***
    wc 0.488314 0.135487 3.604 0.000313 ***
    hc 0.057170 0.124005 0.461 0.644776
    lwg 0.365629 0.087779 4.165 3.11e-05 ***
    inc -0.020525 0.004777 -4.297 1.73e-05 ***
    ---
    Signif. codes: 0 ‘***’ 0.001 ‘**’ 0.01 ‘*’ 0.05 ‘.’ 0.1 ‘ ’ 1
    
    Optimization of log-likelihood by Newton-Raphson maximisation
    Log Likelihood: -452.7
    Number of observations: 753
    Number of iterations: 4
    Exit of MLE: gradient close to zero>
    > library(sandwich)
    > estfun(probit)
    Error in UseMethod("estfun") :
     no applicable method for 'estfun' applied to an object of class "Rchoice"
    Calls: estfun
    Execution halted
Flavor: r-devel-linux-x86_64-debian-clang

Version: 0.3-1
Check: examples
Result: ERROR
    Running examples in ‘Rchoice-Ex.R’ failed
    The error most likely occurred in:
    
    > base::assign(".ptime", proc.time(), pos = "CheckExEnv")
    > ### Name: estfun.Rchoice
    > ### Title: Gradient for observations
    > ### Aliases: estfun.Rchoice
    >
    > ### ** Examples
    >
    > ## Probit model
    > data("Workmroz")
    > probit <- Rchoice(lfp ~ k5 + k618 + age + wc + hc + lwg + inc,
    + data = Workmroz , family = binomial('probit'))
    > summary(probit)
    
    Model: binomial
    Model estimated on: Thu Oct 18 05:50:25 PM 2018
    
    Call:
    Rchoice(formula = lfp ~ k5 + k618 + age + wc + hc + lwg + inc,
     data = Workmroz, family = binomial("probit"), method = "nr")
    
    
    Frequencies of categories:
    y
     0 1
    0.4316 0.5684
    The estimation took: 0h:0m:0s
    
    Coefficients:
     Estimate Std. Error z-value Pr(>|z|)
    constant 1.918422 0.380654 5.040 4.66e-07 ***
    k5 -0.874711 0.113558 -7.703 1.33e-14 ***
    k618 -0.038594 0.040489 -0.953 0.340488
    age -0.037824 0.007609 -4.971 6.67e-07 ***
    wc 0.488314 0.135487 3.604 0.000313 ***
    hc 0.057170 0.124005 0.461 0.644776
    lwg 0.365629 0.087779 4.165 3.11e-05 ***
    inc -0.020525 0.004777 -4.297 1.73e-05 ***
    ---
    Signif. codes: 0 ‘***’ 0.001 ‘**’ 0.01 ‘*’ 0.05 ‘.’ 0.1 ‘ ’ 1
    
    Optimization of log-likelihood by Newton-Raphson maximisation
    Log Likelihood: -452.7
    Number of observations: 753
    Number of iterations: 4
    Exit of MLE: gradient close to zero>
    > library(sandwich)
    > estfun(probit)
    Error in UseMethod("estfun") :
     no applicable method for 'estfun' applied to an object of class "Rchoice"
    Calls: estfun
    Execution halted
Flavor: r-devel-linux-x86_64-debian-gcc

Version: 0.3-1
Check: DESCRIPTION meta-information
Result: NOTE
    Dependence on R version ‘3.3.1’ not with patchlevel 0
Flavors: r-patched-linux-x86_64, r-release-linux-x86_64

Version: 0.3-1
Check: examples
Result: ERROR
    Running examples in ‘Rchoice-Ex.R’ failed
    The error most likely occurred in:
    
    > base::assign(".ptime", proc.time(), pos = "CheckExEnv")
    > ### Name: estfun.Rchoice
    > ### Title: Gradient for observations
    > ### Aliases: estfun.Rchoice
    >
    > ### ** Examples
    >
    > ## Probit model
    > data("Workmroz")
    > probit <- Rchoice(lfp ~ k5 + k618 + age + wc + hc + lwg + inc,
    + data = Workmroz , family = binomial('probit'))
    > summary(probit)
    
    Model: binomial
    Model estimated on: Thu Oct 18 06:50:27 AM 2018
    
    Call:
    Rchoice(formula = lfp ~ k5 + k618 + age + wc + hc + lwg + inc,
     data = Workmroz, family = binomial("probit"), method = "nr")
    
    
    Frequencies of categories:
    y
     0 1
    0.4316 0.5684
    The estimation took: 0h:0m:0s
    
    Coefficients:
     Estimate Std. Error z-value Pr(>|z|)
    constant 1.918422 0.380654 5.040 4.66e-07 ***
    k5 -0.874711 0.113558 -7.703 1.33e-14 ***
    k618 -0.038594 0.040489 -0.953 0.340488
    age -0.037824 0.007609 -4.971 6.67e-07 ***
    wc 0.488314 0.135487 3.604 0.000313 ***
    hc 0.057170 0.124005 0.461 0.644776
    lwg 0.365629 0.087779 4.165 3.11e-05 ***
    inc -0.020525 0.004777 -4.297 1.73e-05 ***
    ---
    Signif. codes: 0 ‘***’ 0.001 ‘**’ 0.01 ‘*’ 0.05 ‘.’ 0.1 ‘ ’ 1
    
    Optimization of log-likelihood by Newton-Raphson maximisation
    Log Likelihood: -452.7
    Number of observations: 753
    Number of iterations: 4
    Exit of MLE: gradient close to zero>
    > library(sandwich)
    > estfun(probit)
    Error in UseMethod("estfun") :
     no applicable method for 'estfun' applied to an object of class "Rchoice"
    Calls: estfun
    Execution halted
Flavor: r-patched-linux-x86_64

Version: 0.3-1
Check: examples
Result: ERROR
    Running examples in ‘Rchoice-Ex.R’ failed
    The error most likely occurred in:
    
    > base::assign(".ptime", proc.time(), pos = "CheckExEnv")
    > ### Name: estfun.Rchoice
    > ### Title: Gradient for observations
    > ### Aliases: estfun.Rchoice
    >
    > ### ** Examples
    >
    > ## Probit model
    > data("Workmroz")
    > probit <- Rchoice(lfp ~ k5 + k618 + age + wc + hc + lwg + inc,
    + data = Workmroz , family = binomial('probit'))
    > summary(probit)
    
    Model: binomial
    Model estimated on: Thu Oct 18 06:48:04 PM 2018
    
    Call:
    Rchoice(formula = lfp ~ k5 + k618 + age + wc + hc + lwg + inc,
     data = Workmroz, family = binomial("probit"), method = "nr")
    
    
    Frequencies of categories:
    y
     0 1
    0.4316 0.5684
    The estimation took: 0h:0m:0s
    
    Coefficients:
     Estimate Std. Error z-value Pr(>|z|)
    constant 1.918422 0.380654 5.040 4.66e-07 ***
    k5 -0.874711 0.113558 -7.703 1.33e-14 ***
    k618 -0.038594 0.040489 -0.953 0.340488
    age -0.037824 0.007609 -4.971 6.67e-07 ***
    wc 0.488314 0.135487 3.604 0.000313 ***
    hc 0.057170 0.124005 0.461 0.644776
    lwg 0.365629 0.087779 4.165 3.11e-05 ***
    inc -0.020525 0.004777 -4.297 1.73e-05 ***
    ---
    Signif. codes: 0 ‘***’ 0.001 ‘**’ 0.01 ‘*’ 0.05 ‘.’ 0.1 ‘ ’ 1
    
    Optimization of log-likelihood by Newton-Raphson maximisation
    Log Likelihood: -452.7
    Number of observations: 753
    Number of iterations: 4
    Exit of MLE: gradient close to zero>
    > library(sandwich)
    > estfun(probit)
    Error in UseMethod("estfun") :
     no applicable method for 'estfun' applied to an object of class "Rchoice"
    Calls: estfun
    Execution halted
Flavor: r-release-linux-x86_64