Last updated on 2018-10-19 01:46:37 CEST.
Flavor | Version | Tinstall | Tcheck | Ttotal | Status | Flags |
---|---|---|---|---|---|---|
r-devel-linux-x86_64-debian-clang | 2.5-1 | 28.37 | 194.14 | 222.51 | OK | |
r-devel-linux-x86_64-debian-gcc | 2.5-1 | 24.06 | 148.64 | 172.70 | OK | |
r-devel-linux-x86_64-fedora-clang | 2.5-1 | 263.41 | NOTE | |||
r-devel-linux-x86_64-fedora-gcc | 2.5-1 | 257.50 | OK | |||
r-devel-windows-ix86+x86_64 | 2.5-1 | 61.00 | 252.00 | 313.00 | NOTE | |
r-patched-linux-x86_64 | 2.5-1 | 25.15 | 168.47 | 193.62 | OK | |
r-patched-solaris-x86 | 2.5-1 | 328.90 | NOTE | |||
r-release-linux-x86_64 | 2.5-1 | 28.27 | 169.14 | 197.41 | OK | |
r-release-windows-ix86+x86_64 | 2.5-1 | 60.00 | 257.00 | 317.00 | NOTE | |
r-release-osx-x86_64 | 2.5-1 | NOTE | ||||
r-oldrel-windows-ix86+x86_64 | 2.5-0 | 11.00 | 7.00 | 18.00 | ERROR | |
r-oldrel-osx-x86_64 | 2.5-1 | ERROR |
Version: 2.5-1
Check: installed package size
Result: NOTE
installed size is 6.9Mb
sub-directories of 1Mb or more:
R 1.1Mb
doc 3.0Mb
po 2.2Mb
Flavors: r-devel-linux-x86_64-fedora-clang, r-devel-windows-ix86+x86_64, r-patched-solaris-x86, r-release-windows-ix86+x86_64, r-release-osx-x86_64
Version: 2.5-0
Check: package dependencies
Result: ERROR
Package required and available but unsuitable version: 'effects'
See section 'The DESCRIPTION file' in the 'Writing R Extensions'
manual.
Flavor: r-oldrel-windows-ix86+x86_64
Version: 2.5-1
Check: package dependencies
Result: ERROR
Packages required and available but unsuitable versions:
‘RcmdrMisc’ ‘effects’
See section ‘The DESCRIPTION file’ in the ‘Writing R Extensions’
manual.
Flavor: r-oldrel-osx-x86_64