CRAN Package Check Results for Package RcppBDT

Last updated on 2018-10-19 01:46:38 CEST.

Flavor Version Tinstall Tcheck Ttotal Status Flags
r-devel-linux-x86_64-debian-clang 0.2.3 66.20 77.03 143.23 OK
r-devel-linux-x86_64-debian-gcc 0.2.3 62.81 61.60 124.41 OK
r-devel-linux-x86_64-fedora-clang 0.2.3 198.63 NOTE
r-devel-linux-x86_64-fedora-gcc 0.2.3 191.54 NOTE
r-devel-windows-ix86+x86_64 0.2.3 208.00 124.00 332.00 OK
r-patched-linux-x86_64 0.2.3 70.41 59.61 130.02 OK
r-patched-solaris-x86 0.2.3 184.90 OK
r-release-linux-x86_64 0.2.3 77.49 59.35 136.84 OK
r-release-windows-ix86+x86_64 0.2.3 167.00 142.00 309.00 OK
r-release-osx-x86_64 0.2.3 NOTE
r-oldrel-windows-ix86+x86_64 0.2.3 151.00 152.00 303.00 OK
r-oldrel-osx-x86_64 0.2.3 NOTE

Check Details

Version: 0.2.3
Check: installed package size
Result: NOTE
     installed size is 8.9Mb
     sub-directories of 1Mb or more:
     libs 8.7Mb
Flavors: r-devel-linux-x86_64-fedora-clang, r-release-osx-x86_64, r-oldrel-osx-x86_64

Version: 0.2.3
Check: compiled code
Result: NOTE
    File ‘RcppBDT/libs/RcppBDT.so’:
     Found no calls to: ‘R_registerRoutines’, ‘R_useDynamicSymbols’
    
    It is good practice to register native routines and to disable symbol
    search.
    
    See ‘Writing portable packages’ in the ‘Writing R Extensions’ manual.
Flavors: r-devel-linux-x86_64-fedora-clang, r-devel-linux-x86_64-fedora-gcc