Last updated on 2018-10-19 01:46:38 CEST.
Flavor | Version | Tinstall | Tcheck | Ttotal | Status | Flags |
---|---|---|---|---|---|---|
r-devel-linux-x86_64-debian-clang | 0.1.8 | 20.72 | 38.48 | 59.20 | OK | |
r-devel-linux-x86_64-debian-gcc | 0.1.8 | 17.30 | 30.25 | 47.55 | OK | |
r-devel-linux-x86_64-fedora-clang | 0.1.8 | 79.59 | OK | |||
r-devel-linux-x86_64-fedora-gcc | 0.1.8 | 77.74 | OK | |||
r-devel-windows-ix86+x86_64 | 0.1.8 | 49.00 | 82.00 | 131.00 | OK | |
r-patched-linux-x86_64 | 0.1.8 | 21.87 | 32.18 | 54.05 | OK | |
r-release-linux-x86_64 | 0.1.8 | 23.49 | 32.53 | 56.02 | OK | |
r-release-windows-ix86+x86_64 | 0.1.8 | 40.00 | 85.00 | 125.00 | OK | |
r-release-osx-x86_64 | 0.1.8 | ERROR | ||||
r-oldrel-windows-ix86+x86_64 | 0.1.8 | 35.00 | 95.00 | 130.00 | OK | |
r-oldrel-osx-x86_64 | 0.1.8 | ERROR |
Version: 0.1.8
Check: whether package can be installed
Result: ERROR
Installation failed.
Flavors: r-release-osx-x86_64, r-oldrel-osx-x86_64