CRAN Package Check Results for Package Rdimtools

Last updated on 2018-10-19 01:46:38 CEST.

Flavor Version Tinstall Tcheck Ttotal Status Flags
r-devel-linux-x86_64-debian-clang 0.4.0 137.87 311.03 448.90 OK
r-devel-linux-x86_64-debian-gcc 0.4.0 117.98 243.72 361.70 OK
r-devel-linux-x86_64-fedora-clang 0.4.0 576.91 NOTE
r-devel-linux-x86_64-fedora-gcc 0.4.0 541.47 OK
r-devel-windows-ix86+x86_64 0.4.0 324.00 482.00 806.00 OK
r-patched-linux-x86_64 0.4.0 126.70 140.70 267.40 OK
r-patched-solaris-x86 0.4.0 372.20 OK
r-release-linux-x86_64 0.4.0 133.95 143.12 277.07 OK
r-release-windows-ix86+x86_64 0.4.0 338.00 260.00 598.00 OK
r-release-osx-x86_64 0.4.0 NOTE
r-oldrel-windows-ix86+x86_64 0.4.0 245.00 263.00 508.00 OK
r-oldrel-osx-x86_64 0.4.0 NOTE

Check Details

Version: 0.4.0
Check: installed package size
Result: NOTE
     installed size is 12.1Mb
     sub-directories of 1Mb or more:
     libs 10.7Mb
Flavors: r-devel-linux-x86_64-fedora-clang, r-release-osx-x86_64, r-oldrel-osx-x86_64