CRAN Package Check Results for Package SADISA

Last updated on 2018-10-19 01:46:50 CEST.

Flavor Version Tinstall Tcheck Ttotal Status Flags
r-devel-linux-x86_64-debian-clang 1.0 2.04 158.24 160.28 OK
r-devel-linux-x86_64-debian-gcc 1.0 1.76 111.96 113.72 OK
r-devel-linux-x86_64-fedora-clang 1.0 193.16 NOTE
r-devel-linux-x86_64-fedora-gcc 1.0 188.60 NOTE
r-devel-windows-ix86+x86_64 1.0 5.00 191.00 196.00 OK
r-patched-linux-x86_64 1.0 2.08 151.58 153.66 OK
r-patched-solaris-x86 1.0 241.10 NOTE
r-release-linux-x86_64 1.0 2.06 154.00 156.06 OK
r-release-windows-ix86+x86_64 1.0 6.00 194.00 200.00 OK
r-release-osx-x86_64 1.0 NOTE
r-oldrel-windows-ix86+x86_64 1.0 3.00 187.00 190.00 OK
r-oldrel-osx-x86_64 1.0 NOTE

Check Details

Version: 1.0
Check: dependencies in R code
Result: NOTE
    Namespace in Imports field not imported from: ‘subplex’
     All declared Imports should be used.
Flavors: r-devel-linux-x86_64-fedora-clang, r-devel-linux-x86_64-fedora-gcc, r-patched-solaris-x86, r-release-osx-x86_64, r-oldrel-osx-x86_64