CRAN Package Check Results for Package SIRE

Last updated on 2018-10-19 01:46:51 CEST.

Flavor Version Tinstall Tcheck Ttotal Status Flags
r-devel-linux-x86_64-debian-clang 1.0.2 2.25 28.65 30.90 OK
r-devel-linux-x86_64-debian-gcc 1.0.2 2.01 22.49 24.50 OK
r-devel-linux-x86_64-fedora-clang 1.0.2 35.26 NOTE
r-devel-linux-x86_64-fedora-gcc 1.0.2 34.01 NOTE
r-devel-windows-ix86+x86_64 1.0.2 6.00 53.00 59.00 OK
r-patched-linux-x86_64 1.0.2 2.33 24.73 27.06 OK
r-patched-solaris-x86 1.0.2 48.50 NOTE
r-release-linux-x86_64 1.0.2 1.80 24.87 26.67 OK
r-release-windows-ix86+x86_64 1.0.2 5.00 62.00 67.00 OK
r-release-osx-x86_64 1.0.2 NOTE
r-oldrel-windows-ix86+x86_64 1.0.2 2.00 52.00 54.00 OK
r-oldrel-osx-x86_64 1.0.2 NOTE

Check Details

Version: 1.0.2
Check: dependencies in R code
Result: NOTE
    Namespace in Imports field not imported from: ‘MASS’
     All declared Imports should be used.
Flavors: r-devel-linux-x86_64-fedora-clang, r-devel-linux-x86_64-fedora-gcc, r-patched-solaris-x86, r-release-osx-x86_64, r-oldrel-osx-x86_64