CRAN Package Check Results for Package TAM

Last updated on 2018-10-19 01:46:54 CEST.

Flavor Version Tinstall Tcheck Ttotal Status Flags
r-devel-linux-x86_64-debian-clang 2.13-15 174.68 151.11 325.79 OK
r-devel-linux-x86_64-debian-gcc 2.13-15 143.85 115.11 258.96 OK
r-devel-linux-x86_64-fedora-clang 2.13-15 437.87 NOTE
r-devel-linux-x86_64-fedora-gcc 2.13-15 409.36 OK
r-devel-windows-ix86+x86_64 2.13-15 375.00 250.00 625.00 OK
r-patched-linux-x86_64 2.13-15 184.26 146.54 330.80 OK
r-patched-solaris-x86 2.13-15 382.70 OK
r-release-linux-x86_64 2.13-15 180.80 146.77 327.57 OK
r-release-windows-ix86+x86_64 2.13-15 419.00 237.00 656.00 OK
r-release-osx-x86_64 2.13-15 NOTE
r-oldrel-windows-ix86+x86_64 2.13-15 256.00 268.00 524.00 OK
r-oldrel-osx-x86_64 2.13-15 OK

Check Details

Version: 2.13-15
Check: installed package size
Result: NOTE
     installed size is 6.7Mb
     sub-directories of 1Mb or more:
     R 1.2Mb
     libs 4.5Mb
Flavors: r-devel-linux-x86_64-fedora-clang, r-release-osx-x86_64