CRAN Package Check Results for Package TriMatch

Last updated on 2018-10-19 01:46:55 CEST.

Flavor Version Tinstall Tcheck Ttotal Status Flags
r-devel-linux-x86_64-debian-clang 0.9.9 8.02 99.97 107.99 OK
r-devel-linux-x86_64-debian-gcc 0.9.9 6.78 77.94 84.72 OK
r-devel-linux-x86_64-fedora-clang 0.9.9 129.02 OK
r-devel-linux-x86_64-fedora-gcc 0.9.9 122.84 OK
r-devel-windows-ix86+x86_64 0.9.9 24.00 159.00 183.00 WARN
r-patched-linux-x86_64 0.9.9 6.45 81.76 88.21 OK
r-patched-solaris-x86 0.9.9 164.10 OK --no-build-vignettes
r-release-linux-x86_64 0.9.9 8.31 80.62 88.93 OK
r-release-windows-ix86+x86_64 0.9.9 21.00 145.00 166.00 WARN
r-release-osx-x86_64 0.9.9 OK
r-oldrel-windows-ix86+x86_64 0.9.9 15.00 152.00 167.00 OK
r-oldrel-osx-x86_64 0.9.9 OK

Check Details

Version: 0.9.9
Check: whether package can be installed
Result: WARN
    Found the following significant warnings:
     Warning: S3 methods '[.fun_list', '[.grouped_df', 'all.equal.tbl_df', 'anti_join.data.frame', 'anti_join.tbl_df', 'arrange.data.frame', 'arrange.default', 'arrange.grouped_df', 'arrange.tbl_df', 'arrange_.data.frame', 'arrange_.tbl_df', 'as.data.frame.grouped_df', 'as.data.frame.rowwise_df', 'as.data.frame.tbl_cube', 'as.data.frame.tbl_df', 'as.table.tbl_cube', 'as.tbl.data.frame', 'as.tbl.tbl', 'as.tbl_cube.array', 'as.tbl_cube.data.frame', 'as.tbl_cube.matrix', 'as.tbl_cube.table', 'as_data_frame.grouped_df', 'as_data_frame.tbl_cube', 'auto_copy.tbl_cube', 'auto_copy.tbl_df', 'cbind.grouped_df', 'collapse.data.frame', 'collect.data.frame', 'common_by.NULL', 'common_by.character', 'common_by.default', 'common_by.list', 'compute.data.frame', 'copy_to.DBIConnection', 'copy_to.src_local', 'default_missing.data.frame', 'default_missing.default', 'dim.tbl_cube', 'distinct.data.frame', 'distinct.default', 'distinct.grouped_df', 'distinct.tbl_df', 'distinct_.data.frame', 'distinct_.grouped_df', 'dist [... truncated]
Flavors: r-devel-windows-ix86+x86_64, r-release-windows-ix86+x86_64