Last updated on 2018-10-19 01:46:56 CEST.
Flavor | Version | Tinstall | Tcheck | Ttotal | Status | Flags |
---|---|---|---|---|---|---|
r-devel-linux-x86_64-debian-clang | 0.3 | 2.71 | 80.78 | 83.49 | NOTE | |
r-devel-linux-x86_64-debian-gcc | 0.3 | 2.49 | 63.99 | 66.48 | NOTE | |
r-devel-linux-x86_64-fedora-clang | 0.3 | 98.01 | NOTE | |||
r-devel-linux-x86_64-fedora-gcc | 0.3 | 94.50 | NOTE | |||
r-devel-windows-ix86+x86_64 | 0.3 | 9.00 | 117.00 | 126.00 | NOTE | |
r-patched-linux-x86_64 | 0.3 | 2.87 | 76.58 | 79.45 | NOTE | |
r-patched-solaris-x86 | 0.3 | 141.50 | NOTE | |||
r-release-linux-x86_64 | 0.3 | 2.07 | 78.37 | 80.44 | NOTE | |
r-release-windows-ix86+x86_64 | 0.3 | 5.00 | 116.00 | 121.00 | NOTE | |
r-release-osx-x86_64 | 0.3 | NOTE | ||||
r-oldrel-windows-ix86+x86_64 | 0.3 | 4.00 | 130.00 | 134.00 | NOTE | |
r-oldrel-osx-x86_64 | 0.3 | NOTE |
Version: 0.3
Check: DESCRIPTION meta-information
Result: NOTE
Malformed Title field: should not end in a period.
Flavors: r-devel-linux-x86_64-debian-clang, r-devel-linux-x86_64-debian-gcc, r-devel-linux-x86_64-fedora-clang, r-devel-linux-x86_64-fedora-gcc, r-devel-windows-ix86+x86_64, r-patched-linux-x86_64, r-patched-solaris-x86, r-release-linux-x86_64, r-release-windows-ix86+x86_64, r-release-osx-x86_64, r-oldrel-windows-ix86+x86_64, r-oldrel-osx-x86_64