CRAN Package Check Results for Package VTrack

Last updated on 2018-10-19 01:46:56 CEST.

Flavor Version Tinstall Tcheck Ttotal Status Flags
r-devel-linux-x86_64-debian-clang 1.21 18.84 204.95 223.79 OK
r-devel-linux-x86_64-debian-gcc 1.21 16.21 164.82 181.03 OK
r-devel-linux-x86_64-fedora-clang 1.21 268.00 NOTE
r-devel-linux-x86_64-fedora-gcc 1.21 255.81 NOTE
r-devel-windows-ix86+x86_64 1.21 39.00 256.00 295.00 WARN
r-patched-linux-x86_64 1.21 15.07 163.90 178.97 OK
r-patched-solaris-x86 1.21 334.50 NOTE
r-release-linux-x86_64 1.21 14.42 164.14 178.56 OK
r-release-windows-ix86+x86_64 1.21 36.00 222.00 258.00 WARN
r-release-osx-x86_64 1.21 NOTE
r-oldrel-windows-ix86+x86_64 1.21 28.00 228.00 256.00 OK
r-oldrel-osx-x86_64 1.21 NOTE

Check Details

Version: 1.21
Check: dependencies in R code
Result: NOTE
    Namespaces in Imports field not imported from:
     ‘Hmisc’ ‘XML’ ‘checkmate’ ‘gstat’ ‘intervals’
     All declared Imports should be used.
Flavors: r-devel-linux-x86_64-fedora-clang, r-devel-linux-x86_64-fedora-gcc, r-patched-solaris-x86, r-release-osx-x86_64, r-oldrel-osx-x86_64

Version: 1.21
Check: whether package can be installed
Result: WARN
    Found the following significant warnings:
     Warning: S3 methods '[.fun_list', '[.grouped_df', 'all.equal.tbl_df', 'anti_join.data.frame', 'anti_join.tbl_df', 'arrange.data.frame', 'arrange.default', 'arrange.grouped_df', 'arrange.tbl_df', 'arrange_.data.frame', 'arrange_.tbl_df', 'as.data.frame.grouped_df', 'as.data.frame.rowwise_df', 'as.data.frame.tbl_cube', 'as.data.frame.tbl_df', 'as.table.tbl_cube', 'as.tbl.data.frame', 'as.tbl.tbl', 'as.tbl_cube.array', 'as.tbl_cube.data.frame', 'as.tbl_cube.matrix', 'as.tbl_cube.table', 'as_data_frame.grouped_df', 'as_data_frame.tbl_cube', 'auto_copy.tbl_cube', 'auto_copy.tbl_df', 'cbind.grouped_df', 'collapse.data.frame', 'collect.data.frame', 'common_by.NULL', 'common_by.character', 'common_by.default', 'common_by.list', 'compute.data.frame', 'copy_to.DBIConnection', 'copy_to.src_local', 'default_missing.data.frame', 'default_missing.default', 'dim.tbl_cube', 'distinct.data.frame', 'distinct.default', 'distinct.grouped_df', 'distinct.tbl_df', 'distinct_.data.frame', 'distinct_.grouped_df', 'dist [... truncated]
Flavors: r-devel-windows-ix86+x86_64, r-release-windows-ix86+x86_64