CRAN Package Check Results for Package WhopGenome

Last updated on 2018-10-19 01:46:56 CEST.

Flavor Version Tinstall Tcheck Ttotal Status Flags
r-devel-linux-x86_64-debian-clang 0.9.7 21.57 31.62 53.19 WARN
r-devel-linux-x86_64-debian-gcc 0.9.7 18.07 25.41 43.48 WARN
r-devel-linux-x86_64-fedora-clang 0.9.7 77.23 WARN
r-devel-linux-x86_64-fedora-gcc 0.9.7 64.35 WARN
r-devel-windows-ix86+x86_64 0.9.7 144.00 62.00 206.00 OK
r-patched-linux-x86_64 0.9.7 22.78 28.74 51.52 WARN
r-patched-solaris-x86 0.9.7 83.50 OK
r-release-linux-x86_64 0.9.7 23.77 29.05 52.82 WARN
r-release-windows-ix86+x86_64 0.9.7 118.00 69.00 187.00 OK
r-release-osx-x86_64 0.9.7 WARN
r-oldrel-windows-ix86+x86_64 0.9.7 116.00 74.00 190.00 OK
r-oldrel-osx-x86_64 0.9.7 NOTE

Additional issues

rchk

Check Details

Version: 0.9.7
Check: whether package can be installed
Result: WARN
    Found the following significant warnings:
     t_region.cpp:78:6: warning: 'this' pointer cannot be null in well-defined C++ code; comparison may be assumed to always evaluate to false [-Wtautological-undefined-compare]
     t_info.cpp:115:6: warning: 'this' pointer cannot be null in well-defined C++ code; comparison may be assumed to always evaluate to false [-Wtautological-undefined-compare]
     t_info.cpp:120:7: warning: reference cannot be bound to dereferenced null pointer in well-defined C++ code; comparison may be assumed to always evaluate to false [-Wtautological-undefined-compare]
Flavors: r-devel-linux-x86_64-debian-clang, r-devel-linux-x86_64-fedora-clang, r-release-osx-x86_64

Version: 0.9.7
Check: whether package can be installed
Result: WARN
    Found the following significant warnings:
     tabix/razf.c:188:2: warning: ‘strncpy’ output truncated before terminating nul copying 4 bytes from a string of the same length [-Wstringop-truncation]
Flavors: r-devel-linux-x86_64-debian-gcc, r-devel-linux-x86_64-fedora-gcc, r-patched-linux-x86_64, r-release-linux-x86_64

Version: 0.9.7
Check: package dependencies
Result: NOTE
    Package suggested but not available for checking: ‘AnnotationDbi’
Flavor: r-oldrel-osx-x86_64