Last updated on 2018-10-19 01:46:12 CEST.
Flavor | Version | Tinstall | Tcheck | Ttotal | Status | Flags |
---|---|---|---|---|---|---|
r-devel-linux-x86_64-debian-clang | 1.0.1 | 56.75 | 28.84 | 85.59 | OK | |
r-devel-linux-x86_64-debian-gcc | 1.0.1 | 50.57 | 24.05 | 74.62 | OK | |
r-devel-linux-x86_64-fedora-clang | 1.0.1 | 125.79 | NOTE | |||
r-devel-linux-x86_64-fedora-gcc | 1.0.1 | 113.94 | NOTE | |||
r-devel-windows-ix86+x86_64 | 1.0.1 | 120.00 | 80.00 | 200.00 | OK | |
r-patched-linux-x86_64 | 1.0.1 | 58.20 | 26.12 | 84.32 | OK | |
r-patched-solaris-x86 | 1.0.1 | 103.60 | OK | |||
r-release-linux-x86_64 | 1.0.1 | 55.66 | 26.51 | 82.17 | OK | |
r-release-windows-ix86+x86_64 | 1.0.1 | 132.00 | 88.00 | 220.00 | OK | |
r-release-osx-x86_64 | 1.0.1 | NOTE | ||||
r-oldrel-windows-ix86+x86_64 | 1.0.1 | 88.00 | 84.00 | 172.00 | OK | |
r-oldrel-osx-x86_64 | 1.0.1 | NOTE |
Version: 1.0.1
Check: installed package size
Result: NOTE
installed size is 7.8Mb
sub-directories of 1Mb or more:
libs 7.6Mb
Flavors: r-devel-linux-x86_64-fedora-clang, r-release-osx-x86_64, r-oldrel-osx-x86_64
Version: 1.0.1
Check: compiled code
Result: NOTE
File ‘acrt/libs/acrt.so’:
Found no calls to: ‘R_registerRoutines’, ‘R_useDynamicSymbols’
It is good practice to register native routines and to disable symbol
search.
See ‘Writing portable packages’ in the ‘Writing R Extensions’ manual.
Flavors: r-devel-linux-x86_64-fedora-clang, r-devel-linux-x86_64-fedora-gcc