CRAN Package Check Results for Package adaptiveGPCA

Last updated on 2018-10-19 01:46:12 CEST.

Flavor Version Tinstall Tcheck Ttotal Status Flags
r-devel-linux-x86_64-debian-clang 0.1.2 0.64 2.00 2.64 ERROR
r-devel-linux-x86_64-debian-gcc 0.1.2 15.46 209.18 224.64 OK
r-devel-linux-x86_64-fedora-clang 0.1.2 331.51 OK
r-devel-linux-x86_64-fedora-gcc 0.1.2 321.96 OK
r-devel-windows-ix86+x86_64 0.1.2 47.00 326.00 373.00 OK
r-patched-linux-x86_64 0.1.2 10.08 212.22 222.30 OK
r-patched-solaris-x86 0.1.2 4.10 ERROR
r-release-linux-x86_64 0.1.2 9.84 214.48 224.32 OK
r-release-windows-ix86+x86_64 0.1.2 43.00 291.00 334.00 OK
r-release-osx-x86_64 0.1.2 OK
r-oldrel-windows-ix86+x86_64 0.1.2 24.00 283.00 307.00 OK
r-oldrel-osx-x86_64 0.1.2 OK

Check Details

Version: 0.1.2
Check: package dependencies
Result: ERROR
    Package required but not available: ‘phyloseq’
    
    See section ‘The DESCRIPTION file’ in the ‘Writing R Extensions’
    manual.
Flavors: r-devel-linux-x86_64-debian-clang, r-patched-solaris-x86