CRAN Package Check Results for Package afex

Last updated on 2018-10-19 01:46:12 CEST.

Flavor Version Tinstall Tcheck Ttotal Status Flags
r-devel-linux-x86_64-debian-clang 0.22-1 10.84 342.58 353.42 OK
r-devel-linux-x86_64-debian-gcc 0.22-1 8.15 263.40 271.55 OK
r-devel-linux-x86_64-fedora-clang 0.22-1 425.10 OK
r-devel-linux-x86_64-fedora-gcc 0.22-1 412.49 OK
r-devel-windows-ix86+x86_64 0.22-1 33.00 467.00 500.00 WARN
r-patched-linux-x86_64 0.22-1 10.15 309.42 319.57 OK
r-patched-solaris-x86 0.22-1 756.90 OK
r-release-linux-x86_64 0.22-1 7.42 312.22 319.64 OK
r-release-windows-ix86+x86_64 0.22-1 28.00 598.00 626.00 WARN
r-release-osx-x86_64 0.22-1 OK
r-oldrel-windows-ix86+x86_64 0.22-1 17.00 509.00 526.00 OK
r-oldrel-osx-x86_64 0.22-1 OK

Check Details

Version: 0.22-1
Check: whether package can be installed
Result: WARN
    Found the following significant warnings:
     Warning: S3 methods '[.fun_list', '[.grouped_df', 'all.equal.tbl_df', 'anti_join.data.frame', 'anti_join.tbl_df', 'arrange.data.frame', 'arrange.default', 'arrange.grouped_df', 'arrange.tbl_df', 'arrange_.data.frame', 'arrange_.tbl_df', 'as.data.frame.grouped_df', 'as.data.frame.rowwise_df', 'as.data.frame.tbl_cube', 'as.data.frame.tbl_df', 'as.table.tbl_cube', 'as.tbl.data.frame', 'as.tbl.tbl', 'as.tbl_cube.array', 'as.tbl_cube.data.frame', 'as.tbl_cube.matrix', 'as.tbl_cube.table', 'as_data_frame.grouped_df', 'as_data_frame.tbl_cube', 'auto_copy.tbl_cube', 'auto_copy.tbl_df', 'cbind.grouped_df', 'collapse.data.frame', 'collect.data.frame', 'common_by.NULL', 'common_by.character', 'common_by.default', 'common_by.list', 'compute.data.frame', 'copy_to.DBIConnection', 'copy_to.src_local', 'default_missing.data.frame', 'default_missing.default', 'dim.tbl_cube', 'distinct.data.frame', 'distinct.default', 'distinct.grouped_df', 'distinct.tbl_df', 'distinct_.data.frame', 'distinct_.grouped_df', 'dist [... truncated]
Flavors: r-devel-windows-ix86+x86_64, r-release-windows-ix86+x86_64