CRAN Package Check Results for Package ahpsurvey

Last updated on 2018-10-19 01:46:12 CEST.

Flavor Version Tinstall Tcheck Ttotal Status Flags
r-devel-linux-x86_64-debian-clang 0.2.2 2.88 77.37 80.25 OK
r-devel-linux-x86_64-debian-gcc 0.2.2 2.60 58.50 61.10 OK
r-devel-linux-x86_64-fedora-clang 0.2.2 95.54 NOTE
r-devel-linux-x86_64-fedora-gcc 0.2.2 91.94 NOTE
r-devel-windows-ix86+x86_64 0.2.2 8.00 116.00 124.00 OK
r-patched-linux-x86_64 0.2.2 2.74 70.89 73.63 OK
r-patched-solaris-x86 0.2.2 115.60 NOTE
r-release-linux-x86_64 0.2.2 2.97 71.05 74.02 OK
r-release-windows-ix86+x86_64 0.2.2 7.00 116.00 123.00 OK
r-release-osx-x86_64 0.2.2 NOTE
r-oldrel-windows-ix86+x86_64 0.2.2 5.00 135.00 140.00 OK
r-oldrel-osx-x86_64 0.2.2 NOTE

Check Details

Version: 0.2.2
Check: dependencies in R code
Result: NOTE
    Namespaces in Imports field not imported from:
     ‘knitr’ ‘tidyr’
     All declared Imports should be used.
Flavors: r-devel-linux-x86_64-fedora-clang, r-devel-linux-x86_64-fedora-gcc, r-patched-solaris-x86, r-release-osx-x86_64, r-oldrel-osx-x86_64