CRAN Package Check Results for Package apaTables

Last updated on 2018-10-19 01:46:12 CEST.

Flavor Version Tinstall Tcheck Ttotal Status Flags
r-devel-linux-x86_64-debian-clang 2.0.5 5.77 64.84 70.61 OK
r-devel-linux-x86_64-debian-gcc 2.0.5 3.72 50.10 53.82 OK
r-devel-linux-x86_64-fedora-clang 2.0.5 81.04 OK
r-devel-linux-x86_64-fedora-gcc 2.0.5 77.88 OK
r-devel-windows-ix86+x86_64 2.0.5 17.00 102.00 119.00 OK
r-patched-linux-x86_64 2.0.5 5.78 55.60 61.38 OK
r-patched-solaris-x86 2.0.5 107.50 OK
r-release-linux-x86_64 2.0.5 4.63 55.31 59.94 OK
r-release-windows-ix86+x86_64 2.0.5 14.00 97.00 111.00 OK
r-release-osx-x86_64 2.0.5 OK
r-oldrel-windows-ix86+x86_64 2.0.5 8.00 112.00 120.00 OK
r-oldrel-osx-x86_64 2.0.5 ERROR

Check Details

Version: 2.0.5
Check: examples
Result: ERROR
    Running examples in ‘apaTables-Ex.R’ failed
    The error most likely occurred in:
    
    > ### Name: apa.reg.table
    > ### Title: Creates a regresion table in APA style
    > ### Aliases: apa.reg.table
    >
    > ### ** Examples
    >
    > # View top few rows of goggles data set
    > # from Discovering Statistics Using R
    > head(album)
     adverts sales airplay attract
    1 10.256 330 43 10
    2 985.685 120 28 7
    3 1445.563 360 35 7
    4 1188.193 270 33 7
    5 574.513 220 44 5
    6 568.954 170 19 5
    >
    > # Single block example
    > blk1 <- lm(sales ~ adverts + airplay, data=album)
    > apa.reg.table(blk1)
    Error in if (number_predictors > 1) { : argument is of length zero
    Calls: apa.reg.table -> apa_single_block
    Execution halted
Flavor: r-oldrel-osx-x86_64