Last updated on 2018-10-19 01:46:13 CEST.
Flavor | Version | Tinstall | Tcheck | Ttotal | Status | Flags |
---|---|---|---|---|---|---|
r-devel-linux-x86_64-debian-clang | 0.0-1 | 1.00 | 21.01 | 22.01 | OK | |
r-devel-linux-x86_64-debian-gcc | 0.0-1 | 0.84 | 16.93 | 17.77 | OK | |
r-devel-linux-x86_64-fedora-clang | 0.0-1 | 25.90 | OK | |||
r-devel-linux-x86_64-fedora-gcc | 0.0-1 | 24.57 | OK | |||
r-devel-windows-ix86+x86_64 | 0.0-1 | 5.00 | 45.00 | 50.00 | OK | |
r-patched-linux-x86_64 | 0.0-1 | 0.87 | 19.05 | 19.92 | OK | |
r-patched-solaris-x86 | 0.0-1 | 37.70 | OK | |||
r-release-linux-x86_64 | 0.0-1 | 0.90 | 19.10 | 20.00 | OK | |
r-release-windows-ix86+x86_64 | 0.0-1 | 6.00 | 43.00 | 49.00 | OK | |
r-release-osx-x86_64 | 0.0-1 | OK | ||||
r-oldrel-windows-ix86+x86_64 | 0.0-1 | 3.00 | 40.00 | 43.00 | OK | |
r-oldrel-osx-x86_64 | 0.0-1 | ERROR |
Version: 0.0-1
Check: package dependencies
Result: NOTE
Package suggested but not available for checking: ‘devtools’
Flavor: r-oldrel-osx-x86_64
Version: 0.0-1
Check: tests
Result: ERROR
Running ‘testthat.R’ [1s/1s]
Running the tests in ‘tests/testthat.R’ failed.
Complete output:
> library(testthat)
> library(devtools)
Error in library(devtools) : there is no package called 'devtools'
Execution halted
Flavor: r-oldrel-osx-x86_64