CRAN Package Check Results for Package autocogs

Last updated on 2018-10-19 01:46:13 CEST.

Flavor Version Tinstall Tcheck Ttotal Status Flags
r-devel-linux-x86_64-debian-clang 0.1.1 3.72 42.27 45.99 OK
r-devel-linux-x86_64-debian-gcc 0.1.1 2.64 33.32 35.96 OK
r-devel-linux-x86_64-fedora-clang 0.1.1 53.85 NOTE
r-devel-linux-x86_64-fedora-gcc 0.1.1 50.58 NOTE
r-devel-windows-ix86+x86_64 0.1.1 9.00 69.00 78.00 OK
r-patched-linux-x86_64 0.1.1 2.26 36.81 39.07 OK
r-patched-solaris-x86 0.1.1 79.80 NOTE
r-release-linux-x86_64 0.1.1 3.13 36.85 39.98 OK
r-release-windows-ix86+x86_64 0.1.1 9.00 78.00 87.00 OK
r-release-osx-x86_64 0.1.1 NOTE
r-oldrel-windows-ix86+x86_64 0.1.1 7.00 79.00 86.00 OK
r-oldrel-osx-x86_64 0.1.1 NOTE

Check Details

Version: 0.1.1
Check: dependencies in R code
Result: NOTE
    Namespaces in Imports field not imported from:
     ‘MASS’ ‘broom’ ‘diptest’ ‘ggplot2’ ‘hexbin’ ‘moments’
     All declared Imports should be used.
Flavors: r-devel-linux-x86_64-fedora-clang, r-devel-linux-x86_64-fedora-gcc, r-patched-solaris-x86, r-release-osx-x86_64, r-oldrel-osx-x86_64