Last updated on 2018-10-19 01:46:13 CEST.
Flavor | Version | Tinstall | Tcheck | Ttotal | Status | Flags |
---|---|---|---|---|---|---|
r-devel-linux-x86_64-debian-clang | 1.2.1 | 21.78 | 43.21 | 64.99 | OK | |
r-devel-linux-x86_64-debian-gcc | 1.2.1 | 19.46 | 34.04 | 53.50 | OK | |
r-devel-linux-x86_64-fedora-clang | 1.2.1 | 80.05 | OK | |||
r-devel-linux-x86_64-fedora-gcc | 1.2.1 | 79.86 | OK | |||
r-devel-windows-ix86+x86_64 | 1.2.1 | 70.00 | 114.00 | 184.00 | OK | |
r-patched-linux-x86_64 | 1.2.1 | 28.79 | 38.29 | 67.08 | OK | |
r-patched-solaris-x86 | 1.2.1 | 3.80 | ERROR | |||
r-release-linux-x86_64 | 1.2.1 | 21.73 | 37.43 | 59.16 | OK | |
r-release-windows-ix86+x86_64 | 1.2.1 | 70.00 | 120.00 | 190.00 | OK | |
r-release-osx-x86_64 | 1.2.1 | OK | ||||
r-oldrel-windows-ix86+x86_64 | 1.2.1 | 57.00 | 138.00 | 195.00 | OK | |
r-oldrel-osx-x86_64 | 1.2.1 | OK |
Version: 1.2.1
Check: package dependencies
Result: ERROR
Package required but not available: ‘ijtiff’
See section ‘The DESCRIPTION file’ in the ‘Writing R Extensions’
manual.
Flavor: r-patched-solaris-x86