CRAN Package Check Results for Package batchtools

Last updated on 2018-10-19 01:46:13 CEST.

Flavor Version Tinstall Tcheck Ttotal Status Flags
r-devel-linux-x86_64-debian-clang 0.9.11 9.56 132.69 142.25 NOTE
r-devel-linux-x86_64-debian-gcc 0.9.11 6.84 107.47 114.31 NOTE
r-devel-linux-x86_64-fedora-clang 0.9.11 163.46 OK
r-devel-linux-x86_64-fedora-gcc 0.9.11 136.70 OK
r-devel-windows-ix86+x86_64 0.9.11 25.00 341.00 366.00 OK
r-patched-linux-x86_64 0.9.11 8.31 123.52 131.83 NOTE
r-patched-solaris-x86 0.9.11 250.30 OK
r-release-linux-x86_64 0.9.11 9.65 119.46 129.11 NOTE
r-release-windows-ix86+x86_64 0.9.11 19.00 326.00 345.00 OK
r-release-osx-x86_64 0.9.11 NOTE
r-oldrel-windows-ix86+x86_64 0.9.11 18.00 345.00 363.00 OK
r-oldrel-osx-x86_64 0.9.11 NOTE

Check Details

Version: 0.9.11
Check: dependencies in R code
Result: NOTE
    gimli.31962hfi_wait_for_device: The /dev/hfi1_0 device failed to appear after 15.0 seconds: Connection timed out
Flavor: r-devel-linux-x86_64-debian-clang

Version: 0.9.11
Check: dependencies in R code
Result: NOTE
    gimli2.17758hfi_wait_for_device: The /dev/hfi1_0 device failed to appear after 15.0 seconds: Connection timed out
Flavor: r-devel-linux-x86_64-debian-gcc

Version: 0.9.11
Check: dependencies in R code
Result: NOTE
    gimli.10403hfi_wait_for_device: The /dev/hfi1_0 device failed to appear after 15.0 seconds: Connection timed out
Flavor: r-patched-linux-x86_64

Version: 0.9.11
Check: dependencies in R code
Result: NOTE
    gimli.17022hfi_wait_for_device: The /dev/hfi1_0 device failed to appear after 15.0 seconds: Connection timed out
Flavor: r-release-linux-x86_64

Version: 0.9.11
Check: package dependencies
Result: NOTE
    Package suggested but not available for checking: ‘doMPI’
Flavors: r-release-osx-x86_64, r-oldrel-osx-x86_64

Version: 0.9.11
Check: Rd cross-references
Result: NOTE
    Package unavailable to check Rd xrefs: ‘Rmpi’
Flavors: r-release-osx-x86_64, r-oldrel-osx-x86_64