CRAN Package Check Results for Package bcmaps

Last updated on 2018-10-19 01:46:14 CEST.

Flavor Version Tinstall Tcheck Ttotal Status Flags
r-devel-linux-x86_64-debian-clang 0.17.1 1.55 39.76 41.31 NOTE
r-devel-linux-x86_64-debian-gcc 0.17.1 1.59 31.49 33.08 NOTE
r-devel-linux-x86_64-fedora-clang 0.17.1 49.70 NOTE
r-devel-linux-x86_64-fedora-gcc 0.17.1 47.27 NOTE
r-devel-windows-ix86+x86_64 0.17.1 4.00 68.00 72.00 NOTE
r-patched-linux-x86_64 0.17.1 1.58 35.06 36.64 NOTE
r-patched-solaris-x86 0.17.1 65.10 NOTE
r-release-linux-x86_64 0.17.1 1.87 34.12 35.99 NOTE
r-release-windows-ix86+x86_64 0.17.1 8.00 76.00 84.00 NOTE
r-release-osx-x86_64 0.17.1 NOTE
r-oldrel-windows-ix86+x86_64 0.17.1 3.00 67.00 70.00 NOTE
r-oldrel-osx-x86_64 0.17.1 NOTE

Check Details

Version: 0.17.1
Check: package dependencies
Result: NOTE
    Package suggested but not available for checking: ‘bcmaps.rdata’
Flavors: r-devel-linux-x86_64-debian-clang, r-devel-linux-x86_64-debian-gcc, r-devel-linux-x86_64-fedora-clang, r-devel-linux-x86_64-fedora-gcc, r-patched-linux-x86_64, r-patched-solaris-x86, r-release-linux-x86_64, r-release-osx-x86_64, r-oldrel-osx-x86_64

Version: 0.17.1
Check: package dependencies
Result: NOTE
    Packages suggested but not available for checking: 'bcmaps.rdata', 'doMC'
Flavor: r-devel-windows-ix86+x86_64

Version: 0.17.1
Check: package dependencies
Result: NOTE
    Packages suggested but not available for checking: 'bcmaps.rdata' 'doMC'
Flavors: r-release-windows-ix86+x86_64, r-oldrel-windows-ix86+x86_64