Last updated on 2018-10-19 01:46:14 CEST.
Flavor | Version | Tinstall | Tcheck | Ttotal | Status | Flags |
---|---|---|---|---|---|---|
r-devel-linux-x86_64-debian-clang | 1.3 | 9.75 | 112.70 | 122.45 | NOTE | |
r-devel-linux-x86_64-debian-gcc | 1.3 | 8.70 | 87.71 | 96.41 | NOTE | |
r-devel-linux-x86_64-fedora-clang | 1.3 | 145.36 | NOTE | |||
r-devel-linux-x86_64-fedora-gcc | 1.3 | 131.90 | NOTE | |||
r-devel-windows-ix86+x86_64 | 1.3 | 26.00 | 160.00 | 186.00 | NOTE | |
r-patched-linux-x86_64 | 1.3 | 8.39 | 91.61 | 100.00 | NOTE | |
r-patched-solaris-x86 | 1.3 | 188.10 | NOTE | |||
r-release-linux-x86_64 | 1.3 | 6.41 | 91.27 | 97.68 | NOTE | |
r-release-windows-ix86+x86_64 | 1.3 | 30.00 | 144.00 | 174.00 | NOTE | |
r-release-osx-x86_64 | 1.3 | NOTE | ||||
r-oldrel-windows-ix86+x86_64 | 1.3 | 14.00 | 143.00 | 157.00 | NOTE | |
r-oldrel-osx-x86_64 | 1.3 | NOTE |
Version: 1.3
Check: R code for possible problems
Result: NOTE
bayfacfig: no visible global function definition for ‘dev.set’
bayfacfig: no visible global function definition for ‘postscript’
bayfacfig: no visible global function definition for ‘points’
bayfacfig: no visible global function definition for ‘legend’
bayfacfig: no visible global function definition for ‘dev.off’
dysymod: no visible global function definition for ‘write.table’
errorcorr: no visible global function definition for ‘sd’
phaseportdat: no visible global function definition for ‘dev.set’
phaseportdat: no visible global function definition for ‘postscript’
phaseportdat: no visible global function definition for ‘plot’
phaseportdat: no visible global function definition for ‘grid’
phaseportdat: no visible global function definition for ‘matplot’
phaseportdat: no visible global function definition for ‘points’
phaseportdat: no visible global function definition for ‘legend’
phaseportdat: no visible global function definition for ‘dev.off’
phaseportmod: no visible global function definition for ‘dev.set’
phaseportmod: no visible global function definition for ‘postscript’
phaseportmod: no visible global function definition for ‘plot’
phaseportmod: no visible global function definition for ‘grid’
phaseportmod: no visible global function definition for ‘matplot’
phaseportmod: no visible global function definition for ‘points’
phaseportmod: no visible binding for global variable ‘dev.off’
plot_data: no visible global function definition for ‘dev.set’
plot_data: no visible global function definition for ‘postscript’
plot_data: no visible global function definition for ‘plot’
plot_data: no visible global function definition for ‘matplot’
plot_data: no visible global function definition for ‘points’
plot_data: no visible global function definition for ‘legend’
plot_data: no visible global function definition for ‘dev.off’
polyfitbayes: no visible global function definition for ‘runif’
polyfitbayes: no visible global function definition for ‘var’
polyfitreg: no visible global function definition for ‘lm’
polyfitreg: no visible binding for global variable ‘na.exclude’
polyfitreg: no visible global function definition for ‘var’
Undefined global functions or variables:
dev.off dev.set grid legend lm matplot na.exclude plot points
postscript runif sd var write.table
Consider adding
importFrom("grDevices", "dev.off", "dev.set", "postscript")
importFrom("graphics", "grid", "legend", "matplot", "plot", "points")
importFrom("stats", "lm", "na.exclude", "runif", "sd", "var")
importFrom("utils", "write.table")
to your NAMESPACE file.
Flavors: r-devel-linux-x86_64-debian-clang, r-devel-linux-x86_64-debian-gcc, r-devel-linux-x86_64-fedora-clang, r-devel-linux-x86_64-fedora-gcc, r-devel-windows-ix86+x86_64, r-patched-linux-x86_64, r-patched-solaris-x86, r-release-linux-x86_64, r-release-windows-ix86+x86_64, r-release-osx-x86_64, r-oldrel-windows-ix86+x86_64, r-oldrel-osx-x86_64