CRAN Package Check Results for Package biglasso

Last updated on 2018-10-19 01:46:14 CEST.

Flavor Version Tinstall Tcheck Ttotal Status Flags
r-devel-linux-x86_64-debian-clang 1.3-6 186.39 76.83 263.22 NOTE
r-devel-linux-x86_64-debian-gcc 1.3-6 175.48 61.69 237.17 NOTE
r-devel-linux-x86_64-fedora-clang 1.3-6 394.13 NOTE
r-devel-linux-x86_64-fedora-gcc 1.3-6 375.19 NOTE
r-devel-windows-ix86+x86_64 1.3-6 585.00 188.00 773.00 OK
r-patched-linux-x86_64 1.3-6 209.25 64.45 273.70 OK
r-patched-solaris-x86 1.3-6 368.60 OK
r-release-linux-x86_64 1.3-6 214.06 65.35 279.41 OK
r-release-windows-ix86+x86_64 1.3-6 489.00 172.00 661.00 OK
r-release-osx-x86_64 1.3-6 OK
r-oldrel-windows-ix86+x86_64 1.3-6 434.00 178.00 612.00 OK
r-oldrel-osx-x86_64 1.3-6 OK

Additional issues

clang-UBSAN gcc-UBSAN

Check Details

Version: 1.3-6
Check: use of SHLIB_OPENMP_*FLAGS in Makefiles
Result: NOTE
     src/Makevars: SHLIB_OPENMP_CXXFLAGS is included in PKG_CXXFLAGS but not in PKG_LIBS
     src/Makevars: SHLIB_OPENMP_CFLAGS is included in PKG_LIBS but not in PKG_CFLAGS
     src/Makevars.win: SHLIB_OPENMP_CXXFLAGS is included in PKG_CXXFLAGS but not in PKG_LIBS
     src/Makevars.win: SHLIB_OPENMP_CFLAGS is included in PKG_LIBS but not in PKG_CFLAGS
    Use of these macros is discussed in sect 1.2.1.1 of ‘Writing R
    Extensions’. The macros for different languages may differ so the
    matching macro must be used in PKG_CXXFLAGS (etc) and match that used
    in PKG_LIBS (except for F77: see the manual).
Flavors: r-devel-linux-x86_64-debian-clang, r-devel-linux-x86_64-debian-gcc, r-devel-linux-x86_64-fedora-clang, r-devel-linux-x86_64-fedora-gcc

Version: 1.3-6
Check: installed package size
Result: NOTE
     installed size is 8.9Mb
     sub-directories of 1Mb or more:
     libs 8.2Mb
Flavor: r-devel-linux-x86_64-fedora-clang