Last updated on 2018-10-19 01:46:14 CEST.
Flavor | Version | Tinstall | Tcheck | Ttotal | Status | Flags |
---|---|---|---|---|---|---|
r-devel-linux-x86_64-debian-clang | 1.1.1 | 90.03 | 54.66 | 144.69 | NOTE | |
r-devel-linux-x86_64-debian-gcc | 1.1.1 | 63.84 | 42.97 | 106.81 | NOTE | |
r-devel-linux-x86_64-fedora-clang | 1.1.1 | 200.18 | NOTE | |||
r-devel-linux-x86_64-fedora-gcc | 1.1.1 | 162.25 | NOTE | |||
r-devel-windows-ix86+x86_64 | 1.1.1 | 168.00 | 96.00 | 264.00 | NOTE | |
r-patched-linux-x86_64 | 1.1.1 | 84.65 | 51.14 | 135.79 | NOTE | |
r-patched-solaris-x86 | 1.1.1 | 180.00 | NOTE | |||
r-release-linux-x86_64 | 1.1.1 | 80.89 | 51.13 | 132.02 | NOTE | |
r-release-windows-ix86+x86_64 | 1.1.1 | 155.00 | 130.00 | 285.00 | NOTE | |
r-release-osx-x86_64 | 1.1.1 | NOTE | ||||
r-oldrel-windows-ix86+x86_64 | 1.1.1 | 123.00 | 124.00 | 247.00 | NOTE | |
r-oldrel-osx-x86_64 | 1.1.1 | NOTE |
Version: 1.1.1
Check: R code for possible problems
Result: NOTE
blockmodelskmeans: no visible global function definition for ‘dist’
matrixplot: no visible global function definition for ‘image’
matrixplot: no visible global function definition for ‘hsv’
matrixplot: no visible global function definition for ‘axis’
Undefined global functions or variables:
axis dist hsv image
Consider adding
importFrom("grDevices", "hsv")
importFrom("graphics", "axis", "image")
importFrom("stats", "dist")
to your NAMESPACE file.
Flavors: r-devel-linux-x86_64-debian-clang, r-devel-linux-x86_64-debian-gcc, r-devel-linux-x86_64-fedora-clang, r-devel-linux-x86_64-fedora-gcc, r-devel-windows-ix86+x86_64, r-patched-linux-x86_64, r-patched-solaris-x86, r-release-linux-x86_64, r-release-windows-ix86+x86_64, r-release-osx-x86_64, r-oldrel-windows-ix86+x86_64, r-oldrel-osx-x86_64
Version: 1.1.1
Check: installed package size
Result: NOTE
installed size is 12.5Mb
sub-directories of 1Mb or more:
libs 12.1Mb
Flavors: r-devel-linux-x86_64-fedora-clang, r-devel-windows-ix86+x86_64, r-release-windows-ix86+x86_64, r-release-osx-x86_64, r-oldrel-windows-ix86+x86_64, r-oldrel-osx-x86_64
Version: 1.1.1
Check: compiled code
Result: NOTE
File ‘blockmodels/libs/blockmodels.so’:
Found no calls to: ‘R_registerRoutines’, ‘R_useDynamicSymbols’
It is good practice to register native routines and to disable symbol
search.
See ‘Writing portable packages’ in the ‘Writing R Extensions’ manual.
Flavors: r-devel-linux-x86_64-fedora-clang, r-devel-linux-x86_64-fedora-gcc