CRAN Package Check Results for Package bmlm

Last updated on 2018-10-19 01:46:14 CEST.

Flavor Version Tinstall Tcheck Ttotal Status Flags
r-devel-linux-x86_64-debian-clang 1.3.7 140.52 71.98 212.50 OK
r-devel-linux-x86_64-debian-gcc 1.3.8 138.11 58.99 197.10 OK
r-devel-linux-x86_64-fedora-clang 1.3.8 272.06 NOTE
r-devel-linux-x86_64-fedora-gcc 1.3.8 270.72 NOTE
r-devel-windows-ix86+x86_64 1.3.7 291.00 185.00 476.00 OK
r-patched-linux-x86_64 1.3.8 143.62 63.82 207.44 OK
r-patched-solaris-x86 1.3.7 56.20 ERROR
r-release-linux-x86_64 1.3.8 147.08 63.64 210.72 OK
r-release-windows-ix86+x86_64 1.3.7 285.00 150.00 435.00 OK
r-release-osx-x86_64 1.3.8 NOTE
r-oldrel-windows-ix86+x86_64 1.3.7 210.00 165.00 375.00 OK
r-oldrel-osx-x86_64 1.3.8 NOTE

Check Details

Version: 1.3.8
Check: installed package size
Result: NOTE
     installed size is 35.0Mb
     sub-directories of 1Mb or more:
     libs 34.7Mb
Flavors: r-devel-linux-x86_64-fedora-clang, r-release-osx-x86_64, r-oldrel-osx-x86_64

Version: 1.3.8
Check: dependencies in R code
Result: NOTE
    Namespace in Imports field not imported from: ‘methods’
     All declared Imports should be used.
Flavors: r-devel-linux-x86_64-fedora-clang, r-devel-linux-x86_64-fedora-gcc, r-release-osx-x86_64, r-oldrel-osx-x86_64

Version: 1.3.7
Check: whether package can be installed
Result: ERROR
    Installation failed.
Flavor: r-patched-solaris-x86