Last updated on 2018-10-19 01:46:14 CEST.
Flavor | Version | Tinstall | Tcheck | Ttotal | Status | Flags |
---|---|---|---|---|---|---|
r-devel-linux-x86_64-debian-clang | 0.1.0 | 5.17 | 73.65 | 78.82 | OK | |
r-devel-linux-x86_64-debian-gcc | 0.1.0 | 4.57 | 59.05 | 63.62 | OK | |
r-devel-linux-x86_64-fedora-clang | 0.1.0 | 93.38 | OK | |||
r-devel-linux-x86_64-fedora-gcc | 0.1.0 | 90.62 | OK | |||
r-devel-windows-ix86+x86_64 | 0.1.0 | 13.00 | 106.00 | 119.00 | OK | |
r-patched-linux-x86_64 | 0.1.0 | 4.89 | 58.08 | 62.97 | NOTE | |
r-patched-solaris-x86 | 0.1.0 | 117.20 | OK | |||
r-release-linux-x86_64 | 0.1.0 | 4.31 | 60.64 | 64.95 | NOTE | |
r-release-windows-ix86+x86_64 | 0.1.0 | 8.00 | 98.00 | 106.00 | OK | |
r-release-osx-x86_64 | 0.1.0 | OK | ||||
r-oldrel-windows-ix86+x86_64 | 0.1.0 | 8.00 | 139.00 | 147.00 | OK | |
r-oldrel-osx-x86_64 | 0.1.0 | OK |
Version: 0.1.0
Check: DESCRIPTION meta-information
Result: NOTE
Dependence on R version ‘3.3.1’ not with patchlevel 0
Flavors: r-patched-linux-x86_64, r-release-linux-x86_64