CRAN Package Check Results for Package bootnet

Last updated on 2018-10-19 01:46:14 CEST.

Flavor Version Tinstall Tcheck Ttotal Status Flags
r-devel-linux-x86_64-debian-clang 1.1.0 13.90 148.73 162.63 OK
r-devel-linux-x86_64-debian-gcc 1.1.0 11.64 114.85 126.49 OK
r-devel-linux-x86_64-fedora-clang 1.1.0 166.94 NOTE
r-devel-linux-x86_64-fedora-gcc 1.1.0 183.05 NOTE
r-devel-windows-ix86+x86_64 1.1.0 39.00 229.00 268.00 OK
r-patched-linux-x86_64 1.1.0 12.63 123.75 136.38 OK
r-patched-solaris-x86 1.1.0 241.40 NOTE
r-release-linux-x86_64 1.1.0 9.43 127.02 136.45 OK
r-release-windows-ix86+x86_64 1.1.0 40.00 195.00 235.00 OK
r-release-osx-x86_64 1.1.0 WARN
r-oldrel-windows-ix86+x86_64 1.1.0 21.00 204.00 225.00 OK
r-oldrel-osx-x86_64 1.1.0 NOTE

Check Details

Version: 1.1.0
Check: dependencies in R code
Result: NOTE
    Namespace in Imports field not imported from: ‘psych’
     All declared Imports should be used.
Flavors: r-devel-linux-x86_64-fedora-clang, r-devel-linux-x86_64-fedora-gcc, r-patched-solaris-x86, r-release-osx-x86_64, r-oldrel-osx-x86_64

Version: 1.1.0
Check: whether package can be installed
Result: WARN
    Found the following significant warnings:
     Warning: package ‘dplyr’ was built under R version 3.5.1
Flavor: r-release-osx-x86_64