CRAN Package Check Results for Package bsts

Last updated on 2018-10-19 01:46:15 CEST.

Flavor Version Tinstall Tcheck Ttotal Status Flags
r-devel-linux-x86_64-debian-clang 0.8.0 52.04 154.79 206.83 OK
r-devel-linux-x86_64-debian-gcc 0.8.0 48.49 122.10 170.59 OK
r-devel-linux-x86_64-fedora-clang 0.8.0 271.16 NOTE
r-devel-linux-x86_64-fedora-gcc 0.8.0 268.87 OK
r-devel-windows-ix86+x86_64 0.8.0 204.00 417.00 621.00 NOTE
r-patched-linux-x86_64 0.8.0 0.44 1.72 2.16 ERROR
r-release-linux-x86_64 0.8.0 0.49 1.87 2.36 ERROR
r-release-windows-ix86+x86_64 0.8.0 187.00 431.00 618.00 NOTE
r-release-osx-x86_64 0.8.0 NOTE
r-oldrel-windows-ix86+x86_64 0.8.0 147.00 419.00 566.00 NOTE
r-oldrel-osx-x86_64 0.8.0 NOTE

Additional issues

clang-ASAN

Check Details

Version: 0.8.0
Check: installed package size
Result: NOTE
     installed size is 102.2Mb
     sub-directories of 1Mb or more:
     libs 101.5Mb
Flavors: r-devel-linux-x86_64-fedora-clang, r-devel-windows-ix86+x86_64, r-release-windows-ix86+x86_64, r-release-osx-x86_64, r-oldrel-windows-ix86+x86_64, r-oldrel-osx-x86_64

Version: 0.8.0
Check: package dependencies
Result: ERROR
    Package required but not available: ‘BoomSpikeSlab’
    
    See section ‘The DESCRIPTION file’ in the ‘Writing R Extensions’
    manual.
Flavors: r-patched-linux-x86_64, r-release-linux-x86_64