Last updated on 2018-10-19 01:46:15 CEST.
Flavor | Version | Tinstall | Tcheck | Ttotal | Status | Flags |
---|---|---|---|---|---|---|
r-devel-linux-x86_64-debian-clang | 1.2.0 | 1.93 | 534.23 | 536.16 | OK | |
r-devel-linux-x86_64-debian-gcc | 1.2.0 | 1.46 | 405.99 | 407.45 | OK | |
r-devel-linux-x86_64-fedora-clang | 1.2.0 | 625.67 | OK | |||
r-devel-linux-x86_64-fedora-gcc | 1.2.0 | 615.48 | OK | |||
r-devel-windows-ix86+x86_64 | 1.2.0 | 5.00 | 336.00 | 341.00 | OK | --no-vignettes |
r-patched-linux-x86_64 | 1.2.0 | 1.85 | 543.59 | 545.44 | NOTE | |
r-patched-solaris-x86 | 1.2.0 | 848.00 | OK | |||
r-release-linux-x86_64 | 1.2.0 | 1.28 | 541.01 | 542.29 | NOTE | |
r-release-windows-ix86+x86_64 | 1.2.0 | 7.00 | 475.00 | 482.00 | OK | --no-vignettes |
r-release-osx-x86_64 | 1.2.0 | OK | ||||
r-oldrel-windows-ix86+x86_64 | 1.2.0 | 2.00 | 502.00 | 504.00 | OK | --no-vignettes |
r-oldrel-osx-x86_64 | 1.2.0 | OK |
Version: 1.2.0
Check: DESCRIPTION meta-information
Result: NOTE
Dependence on R version ‘3.3.1’ not with patchlevel 0
Flavors: r-patched-linux-x86_64, r-release-linux-x86_64