CRAN Package Check Results for Package caTools

Last updated on 2018-10-19 01:46:15 CEST.

Flavor Version Tinstall Tcheck Ttotal Status Flags
r-devel-linux-x86_64-debian-clang 1.17.1.1 5.52 31.44 36.96 NOTE
r-devel-linux-x86_64-debian-gcc 1.17.1.1 3.64 24.83 28.47 NOTE
r-devel-linux-x86_64-fedora-clang 1.17.1.1 43.72 NOTE
r-devel-linux-x86_64-fedora-gcc 1.17.1.1 41.84 NOTE
r-devel-windows-ix86+x86_64 1.17.1.1 17.00 79.00 96.00 NOTE
r-patched-linux-x86_64 1.17.1.1 4.25 29.20 33.45 NOTE
r-patched-solaris-x86 1.17.1.1 65.40 NOTE
r-release-linux-x86_64 1.17.1.1 4.51 29.83 34.34 NOTE
r-release-windows-ix86+x86_64 1.17.1.1 15.00 75.00 90.00 NOTE
r-release-osx-x86_64 1.17.1.1 NOTE
r-oldrel-windows-ix86+x86_64 1.17.1.1 11.00 75.00 86.00 NOTE
r-oldrel-osx-x86_64 1.17.1.1 NOTE

Additional issues

rchk

Check Details

Version: 1.17.1.1
Check: DESCRIPTION meta-information
Result: NOTE
    Malformed Title field: should not end in a period.
Flavors: r-devel-linux-x86_64-debian-clang, r-devel-linux-x86_64-debian-gcc, r-devel-linux-x86_64-fedora-clang, r-devel-linux-x86_64-fedora-gcc, r-devel-windows-ix86+x86_64, r-patched-linux-x86_64, r-patched-solaris-x86, r-release-linux-x86_64, r-release-windows-ix86+x86_64, r-release-osx-x86_64, r-oldrel-windows-ix86+x86_64, r-oldrel-osx-x86_64

Version: 1.17.1.1
Check: compiled code
Result: NOTE
    File ‘caTools/libs/caTools.so’:
     Found no calls to: ‘R_registerRoutines’, ‘R_useDynamicSymbols’
    
    It is good practice to register native routines and to disable symbol
    search.
    
    See ‘Writing portable packages’ in the ‘Writing R Extensions’ manual.
Flavors: r-devel-linux-x86_64-fedora-clang, r-devel-linux-x86_64-fedora-gcc