CRAN Package Check Results for Package ceterisParibus

Last updated on 2018-10-19 01:46:15 CEST.

Flavor Version Tinstall Tcheck Ttotal Status Flags
r-devel-linux-x86_64-debian-clang 0.3.0 7.64 326.10 333.74 OK
r-devel-linux-x86_64-debian-gcc 0.3.0 5.88 268.62 274.50 OK
r-devel-linux-x86_64-fedora-clang 0.3.0 405.50 NOTE
r-devel-linux-x86_64-fedora-gcc 0.3.0 387.44 NOTE
r-devel-windows-ix86+x86_64 0.3.0 22.00 689.00 711.00 OK
r-patched-linux-x86_64 0.3.0 5.62 300.74 306.36 OK
r-patched-solaris-x86 0.3.0 898.90 NOTE
r-release-linux-x86_64 0.3.0 6.97 303.82 310.79 OK
r-release-windows-ix86+x86_64 0.3.0 26.00 650.00 676.00 OK
r-release-osx-x86_64 0.3.0 NOTE
r-oldrel-windows-ix86+x86_64 0.3.0 12.00 625.00 637.00 OK
r-oldrel-osx-x86_64 0.3.0 NOTE

Check Details

Version: 0.3.0
Check: dependencies in R code
Result: NOTE
    Namespace in Imports field not imported from: ‘knitr’
     All declared Imports should be used.
Flavors: r-devel-linux-x86_64-fedora-clang, r-devel-linux-x86_64-fedora-gcc, r-patched-solaris-x86, r-release-osx-x86_64, r-oldrel-osx-x86_64