CRAN Package Check Results for Package clustree

Last updated on 2018-10-19 01:46:16 CEST.

Flavor Version Tinstall Tcheck Ttotal Status Flags
r-devel-linux-x86_64-debian-clang 0.2.2 4.65 132.54 137.19 OK
r-devel-linux-x86_64-debian-gcc 0.2.2 3.81 103.21 107.02 OK
r-devel-linux-x86_64-fedora-clang 0.2.2 164.06 OK
r-devel-linux-x86_64-fedora-gcc 0.2.2 158.92 OK
r-devel-windows-ix86+x86_64 0.2.2 14.00 210.00 224.00 OK
r-patched-linux-x86_64 0.2.2 3.63 118.12 121.75 OK
r-patched-solaris-x86 0.2.2 186.40 NOTE
r-release-linux-x86_64 0.2.2 4.34 118.19 122.53 OK
r-release-windows-ix86+x86_64 0.2.2 16.00 217.00 233.00 OK
r-release-osx-x86_64 0.2.2 NOTE
r-oldrel-windows-ix86+x86_64 0.2.2 9.00 207.00 216.00 OK
r-oldrel-osx-x86_64 0.2.2 NOTE

Check Details

Version: 0.2.2
Check: package dependencies
Result: NOTE
    Package suggested but not available for checking: ‘Seurat’
Flavor: r-patched-solaris-x86

Version: 0.2.2
Check: package dependencies
Result: NOTE
    Package suggested but not available for checking: ‘SingleCellExperiment’
Flavors: r-release-osx-x86_64, r-oldrel-osx-x86_64