Last updated on 2018-10-19 01:46:16 CEST.
Flavor | Version | Tinstall | Tcheck | Ttotal | Status | Flags |
---|---|---|---|---|---|---|
r-devel-linux-x86_64-debian-clang | 1.0.0 | 3.19 | 143.85 | 147.04 | OK | |
r-devel-linux-x86_64-debian-gcc | 1.0.0 | 2.57 | 108.29 | 110.86 | OK | |
r-devel-linux-x86_64-fedora-clang | 1.0.0 | 174.26 | NOTE | |||
r-devel-linux-x86_64-fedora-gcc | 1.0.0 | 167.84 | NOTE | |||
r-devel-windows-ix86+x86_64 | 1.0.0 | 9.00 | 194.00 | 203.00 | OK | |
r-patched-linux-x86_64 | 1.0.0 | 3.18 | 146.70 | 149.88 | OK | |
r-patched-solaris-x86 | 1.0.0 | 233.80 | NOTE | |||
r-release-linux-x86_64 | 1.0.0 | 2.16 | 142.63 | 144.79 | OK | |
r-release-windows-ix86+x86_64 | 1.0.0 | 8.00 | 217.00 | 225.00 | OK | |
r-release-osx-x86_64 | 1.0.0 | NOTE | ||||
r-oldrel-windows-ix86+x86_64 | 1.0.0 | 5.00 | 245.00 | 250.00 | OK | |
r-oldrel-osx-x86_64 | 1.0.0 | NOTE |
Version: 1.0.0
Check: dependencies in R code
Result: NOTE
Namespace in Imports field not imported from: ‘magrittr’
All declared Imports should be used.
Flavors: r-devel-linux-x86_64-fedora-clang, r-devel-linux-x86_64-fedora-gcc, r-patched-solaris-x86, r-release-osx-x86_64, r-oldrel-osx-x86_64